{"id":20396,"date":"2025-07-30T16:24:55","date_gmt":"2025-07-30T14:24:55","guid":{"rendered":"https:\/\/www.nevadomarbella.com\/?page_id=20396"},"modified":"2025-07-30T16:24:56","modified_gmt":"2025-07-30T14:24:56","slug":"villas","status":"publish","type":"page","link":"https:\/\/www.nevadomarbella.com\/fr\/propriete-a-vendre-a-puerto-banus\/villas","title":{"rendered":"Villas \u00e0 vendre \u00e0 Puerto Ban\u00fas"},"content":{"rendered":"\n<section class=\"wp-block-group jaleo-properties-grid is-layout-flow wp-block-group-is-layout-flow\" style=\"margin-top:0;margin-bottom:var(--wp--preset--spacing--60);padding-right:var(--wp--preset--spacing--50);padding-left:var(--wp--preset--spacing--50)\">\n<h1 class=\"wp-block-heading has-text-align-center\" style=\"padding-right:0;padding-left:0\">Derniers Villas \u00e0 vendre \u00e0 Puerto Ban\u00fas<\/h1>\n\n\n\n<div class=\"wp-block-group is-layout-flow wp-block-group-is-layout-flow\" style=\"margin-top:var(--wp--preset--spacing--30);padding-top:0;padding-right:0;padding-bottom:0;padding-left:0\">\t<div id=\"wpb__style_container\" class=\"wpb--container\">\r\n\t\t<div class=\"wpb--card-container\">\r\n\t\t\t<div class=\"wpb--card\">\n\t<div class=\"wpb--aspect-box wpb--panoramic\">\n\t\t<a class=\"wpb--stretched-link\" href=\"\/fr\/propriete\/vente-marbella-puerto-banus-villa-jumelee-642211\">\n\t\t\t\t\t\t\t<img decoding=\"async\" loading=\"lazy\" class=\"wpb--image-fit\" src=\"https:\/\/www.nevadomarbella.com\/wp-content\/uploads\/inmoba\/thumb-all-0.75-exact-642211.webp\" alt=\"Maison jumel\u00e9e \u00e0 vendre dans l'urbanisation Ban\u00fas Bay, \u00e0 quelques minutes de la plage\" \/>\n\t\t\t\n\t\t\t\t\t<\/a>\n\t<\/div>\n\t<div class=\"wpb--card-body\">\n\t\t<span class=\"wpb--card-body-location\">Marbella - Puerto Banus<\/span>\n\t\t<h3 class=\"wpb--card-title\">\n\t\t\t<a class=\"wpb--stretched-link\" href=\"\/fr\/propriete\/vente-marbella-puerto-banus-villa-jumelee-642211\">\n\t\t\t\tMaison jumel\u00e9e \u00e0 vendre dans l'urbanisation Ban\u00fas Bay, \u00e0 quelques minutes de la plage\t\t\t<\/a>\n\t\t<\/h3>\n\t\t<div class=\"wpb--card-data\">\n\t\t\t<ul class=\"wpb--card-features\">\n\t\t\t\t\t\t\t\t\t\t<li>5  Chambres, <\/li>\n\t\t\t\t\t\t\t\t\t\t<li>3  Bains, <\/li>\n\t\t\t\t\t\t\t\t\t\t<li>432 m&sup2; Construit<\/li>\n\t\t\t\t\t\t\t<\/ul>\n\t\t\t<div class=\"wpb--card-price\">\n\t\t\t\t2.675.000 &euro;<span>163-04401P<\/span>\t\t\t<\/div>\n\t\t<\/div>\n\t<\/div>\n<\/div>\n\t\t<\/div>\r\n\t\t<!-- Go to the full list -->\r\n\t\t\t\t<div class=\"wpb--center\">\r\n\t\t\t<a class=\"wpb--btn-outline\" href=\"\/fr\/propriete-a-vendre-a-marbella?f=sale&c=c24&a=a46&t=T2&pf&pt&b\">Voir plus<\/a>\r\n\t\t<\/div>\r\n\t\t\t<\/div>\r\n\n<\/div>\n<\/section>\n\n\n\n<div class=\"wp-block-group has-global-padding is-layout-constrained wp-block-group-is-layout-constrained\" style=\"margin-bottom:var(--wp--preset--spacing--50)\">\n<p style=\"padding-top:var(--wp--preset--spacing--20);padding-right:var(--wp--preset--spacing--50);padding-bottom:var(--wp--preset--spacing--20);padding-left:var(--wp--preset--spacing--50)\">Villas \u00e0 vendre \u00e0 Puerto Ban\u00fas, la destination la plus exclusive et glamour de la Costa del Sol. Puerto Ban\u00fas n&rsquo;est pas seulement synonyme de luxe, de yachts et de boutiques haut de gamme, mais aussi de r\u00e9sidences de r\u00eave dans des enclaves privil\u00e9gi\u00e9es en bord de mer. Que ce soit comme r\u00e9sidence principale ou comme maison de vacances, nos villas se distinguent par leur conception, leur emplacement et leurs prestations. Des propri\u00e9t\u00e9s modernes de style contemporain aux villas m\u00e9diterran\u00e9ennes au charme andalou, chaque logement offre intimit\u00e9, confort et une excellente connexion avec le centre de Marbella, les terrains de golf et les services de premier ordre.<\/p>\n<\/div>\n\n\n\n<section class=\"wp-block-group alignfull jaleo-herobox-group wide right has-shell-background-color has-background is-layout-flow wp-block-group-is-layout-flow\" style=\"margin-top:0;margin-bottom:var(--wp--preset--spacing--60);padding-right:var(--wp--preset--spacing--50);padding-left:var(--wp--preset--spacing--50)\">\n<div class=\"wp-block-columns alignwide are-vertically-aligned-center jaleo-herobox-columns is-layout-flex wp-container-core-columns-is-layout-2e289adc wp-block-columns-is-layout-flex\" style=\"padding-top:0;padding-right:0;padding-bottom:0;padding-left:0\">\n<div class=\"wp-block-column is-vertically-aligned-center jaleo-herobox-content is-layout-flow wp-block-column-is-layout-flow\" style=\"padding-right:0;flex-basis:50%\">\n<div class=\"wp-block-group has-global-padding is-content-justification-right is-layout-constrained wp-container-core-group-is-layout-d74be48a wp-block-group-is-layout-constrained\" style=\"margin-top:0;margin-bottom:0;padding-top:0;padding-right:var(--wp--preset--spacing--30);padding-left:var(--wp--preset--spacing--30)\">\n<h2 class=\"wp-block-heading\" style=\"margin-bottom:var(--wp--preset--spacing--40);font-style:normal;font-weight:400;text-transform:uppercase\">Vivre le luxe au bord de la mer : villas exclusives \u00e0 Puerto Ban\u00fas<\/h2>\n\n\n\n<p>Acheter une villa \u00e0 Puerto Ban\u00fas, c&rsquo;est bien plus qu&rsquo;acqu\u00e9rir un bien immobilier : c&rsquo;est acc\u00e9der \u00e0 un style de vie dynamique et sophistiqu\u00e9. Ce quartier de Marbella est connu pour son port de plaisance anim\u00e9, son offre gastronomique haut de gamme, ses boutiques de cr\u00e9ateurs et son ambiance cosmopolite tout au long de l&rsquo;ann\u00e9e. Les villas ici offrent non seulement des int\u00e9rieurs spacieux et des finitions luxueuses, mais aussi des jardins priv\u00e9s, des piscines et des espaces id\u00e9aux pour se divertir. De plus, leur valeur de revente \u00e9lev\u00e9e et leur demande constante font de Puerto Ban\u00fas un choix s\u00fbr pour les investisseurs qui recherchent la rentabilit\u00e9 sur le march\u00e9 immobilier haut de gamme.<\/p>\n<\/div>\n<\/div>\n\n\n\n<div class=\"wp-block-column is-vertically-aligned-center jaleo-herobox-column is-layout-flow wp-block-column-is-layout-flow\" style=\"flex-basis:50%\">\n<figure class=\"wp-block-image size-full jaleo-herobox-image wp-duotone-unset-1\"><img decoding=\"async\" width=\"1280\" height=\"1280\" src=\"https:\/\/www.nevadomarbella.com\/wp-content\/uploads\/2025\/01\/panoramica-puerto-banus-nevado-realty-marbella.webp\" alt=\"Vista panor\u00e1mica de Puerto Ban\u00fas\" class=\"wp-image-19480\" style=\"aspect-ratio:1;object-fit:cover\"\/><figcaption class=\"wp-element-caption\"><br><\/figcaption><\/figure>\n<\/div>\n<\/div>\n<\/section>\n\n\n\n<section class=\"wp-block-group alignfull jaleo-heroform is-layout-flow wp-block-group-is-layout-flow\" style=\"margin-bottom:var(--wp--preset--spacing--60);padding-right:var(--wp--preset--spacing--50);padding-left:var(--wp--preset--spacing--50)\">\n<div class=\"wp-block-columns alignwide are-vertically-aligned-center is-layout-flex wp-container-core-columns-is-layout-28f84493 wp-block-columns-is-layout-flex\">\n<div class=\"wp-block-column is-vertically-aligned-center has-global-padding is-layout-constrained wp-block-column-is-layout-constrained\" style=\"flex-basis:50%\">\n<figure class=\"wp-block-image size-full is-style-default wp-duotone-unset-2\"><img decoding=\"async\" width=\"1000\" height=\"1250\" src=\"https:\/\/www.nevadomarbella.com\/wp-content\/uploads\/2024\/09\/gines-garcia-ceo-nevado-realty-marbella.jpg\" alt=\"\" class=\"wp-image-16598\" style=\"aspect-ratio:3\/4;object-fit:cover\"\/><\/figure>\n<\/div>\n\n\n\n<div class=\"wp-block-column is-vertically-aligned-center has-global-padding is-layout-constrained wp-block-column-is-layout-constrained\" style=\"flex-basis:50%\">\n<h2 class=\"wp-block-heading has-x-large-font-size\">VOUS NE TROUVEZ PAS CE QUE VOUS CHERCHEZ ?<\/h2>\n\n\n\n<p>Si vous ne trouvez pas la villa de vos r\u00eaves \u00e0 Puerto Ban\u00fas mais que vous savez ce que vous voulez, nous pouvons vous aider. Contactez-nous et nous essaierons de la trouver pour vous et s&rsquo;il n&rsquo;y a pas d&rsquo;unit\u00e9 disponible, nous serons au courant de toute nouvelle propri\u00e9t\u00e9 qui pourrait vous int\u00e9resser.<\/p>\n\n\n<div id=\"wpb__style_container\" class=\"wpb__style_container wpb--container\"><form id=\"property_form\" class=\"wpb--property-form\" action=\"localhost\" method=\"POST\" data-contact=\"property_form\" data-lead-sent-ok=\"Votre message a \u00e9t\u00e9 envoy\u00e9.\" data-sitekey=\"6Lcu70ApAAAAALSclGERBvdFXlfg15po4zMqthx0\">\n\t<input type=\"hidden\" name=\"subject\" value=\"Contact \u00e0 partir de la propri\u00e9t\u00e9 \/fr\/wp-json\/wp\/v2\/pages\/20396\" \/>\n\t<input type=\"hidden\" name=\"g-recaptcha-response\" value=\"\" \/>\n\t<input type=\"hidden\" name=\"success\" value=\"\/fr\/thank-you-page\" \/> \n\t\t<input name=\"name\" type=\"text\" autocomplete=\"off\" placeholder=\"Nom complet\" required data-error=\"Nom complet Obligatoire \" \/>\n\t<input name=\"email\" type=\"email\" autocomplete=\"off\" placeholder=\"Adresse \u00e9lectronique \" required data-error=\"Courriel requis\" \/>\n\t<input name=\"intphone\" style=\"width: 100%\" type=\"tel\" autocomplete=\"off\" placeholder=\"T\u00e9l\u00e9phone\" data-error=\"Les num\u00e9ros de t\u00e9l\u00e9phone doivent comporter entre 8 et 20 chiffres.\" \/>\n\t<input name=\"source\" type=\"hidden\" value=\"https:\/\/www.nevadomarbella.com\/fr\/wp-json\/wp\/v2\/pages\/20396\"\/>\n\t\t<textarea name=\"comment\" rows=\"6\" placeholder=\"Tapez vos questions\"><\/textarea>\n\n\t<div class=\"wpb--custom-checkbox\">\n\t\t<input type=\"checkbox\" id=\"property_form-property_form-customCheck1\" name=\"privacy_policy\" required data-error=\"Champ obligatoire\" \/>\n\t\t<label for=\"property_form-property_form-customCheck1\">J'accepte la  <a href=\"https:\/\/www.nevadomarbella.com\/privacy\" target=\"_blank\">Politique de confidentialit\u00e9 <\/a><\/label>\n\t<\/div>\n\t<div class=\"wpb--custom-checkbox\">\n\t\t<input type=\"checkbox\" id=\"property_form-property_form-customCheck2\" name=\"commercial_information\" \/>\n\t\t<label for=\"property_form-property_form-customCheck2\">J'accepte de recevoir des informations par e-mail <\/label>\n\t<\/div>\n\t<button data-ids=\"property_form\" data-lang=\"\" class=\"btn wpb--formbutton g-recaptcha\" type=\"submit\"><span id=\"text-send\">Envoyer<\/span> <span id=\"spinner-send\"><\/span><\/button>\n\t<p id=\"result\" class=\"wpb--form-msg\"><\/p>\n<\/form>\n\t<script src=\"https:\/\/www.google.com\/recaptcha\/api.js?render=6Lcu70ApAAAAALSclGERBvdFXlfg15po4zMqthx0&hl=\"><\/script>\n\t<link rel=\"stylesheet\" href=\"https:\/\/cdn.jsdelivr.net\/npm\/intl-tel-input@23.0.10\/build\/css\/intlTelInput.css\">\n\t<script src=\"https:\/\/cdn.jsdelivr.net\/npm\/intl-tel-input@23.0.10\/build\/js\/intlTelInput.min.js\"><\/script>\n\t<script>\n\t\tconst input = document.querySelectorAll(\"[name=intphone]\");\n\t\tif (input.length) {\n\t\t\tlet initialCountry ;\n\t\t\tconst currentLang = document.querySelector(\"html\").getAttribute(\"lang\").split(\"-\")[0];\n\t\t\tswitch (currentLang) {\n\t\t\t\tcase \"en\" : \n\t\t\t\t\tinitialCountry = \"gb\";\n\t\t\t\t\tbreak;\n\t\t\t\tcase \"es\" : \n\t\t\t\t\tinitialCountry = \"es\";\n\t\t\t\t\tbreak;\n\t\t\t\tcase \"fr\":\n\t\t\t\t\tinitialCountry = \"fr\";\n\t\t\t\t\tbreak;\n\t\t\t\tdefault:\n\t\t\t\t\tinitialCountry = \"es\";\n\t\t\t\t\tbreak;\n\t\t\t}\n\t\t\tinput.forEach(function(item) {\n\t\t\t\twindow.intlTelInput(item, {\n\t\t\t\t\tutilsScript: \"https:\/\/cdn.jsdelivr.net\/npm\/intl-tel-input@23.0.10\/build\/js\/utils.js\",\n\t\t\t\t\tinitialCountry: initialCountry,\n\t\t\t\t\thiddenInput: () => ({ phone: \"phone\", country: \"country_code\" }),\n\t\t\t\t\tcountryOrder: [\"gb\", \"se\", \"es\", \"fr\", \"de\"],\n\t\t\t\t\tnationalMode: false,\n\t\t\t\t\tautoHideDialCode: false,\n\t\t\t\t\texcludeCountries: [\"none\"],\n\t\t\t\t\tseparateDialCode: true\n\t\t\t\t})\n\t\t\t});\n\t\t}\n\t<\/script>\n<\/div>\n<\/div>\n<\/div>\n<\/section>\n\n\n\n<p><\/p>\n","protected":false},"excerpt":{"rendered":"<p>Derniers Villas \u00e0 vendre \u00e0 Puerto Ban\u00fas Villas \u00e0 vendre \u00e0 Puerto Ban\u00fas, la destination la plus exclusive et glamour de la Costa del Sol. Puerto Ban\u00fas n&rsquo;est pas seulement synonyme de luxe, de yachts et de boutiques haut de gamme, mais aussi de r\u00e9sidences de r\u00eave dans des enclaves privil\u00e9gi\u00e9es en bord de mer. [&hellip;]<\/p>\n","protected":false},"author":3,"featured_media":0,"parent":17627,"menu_order":1,"comment_status":"closed","ping_status":"closed","template":"solid-header","meta":{"_acf_changed":false,"footnotes":""},"class_list":["post-20396","page","type-page","status-publish","hentry"],"acf":[],"_links":{"self":[{"href":"https:\/\/www.nevadomarbella.com\/fr\/wp-json\/wp\/v2\/pages\/20396","targetHints":{"allow":["GET"]}}],"collection":[{"href":"https:\/\/www.nevadomarbella.com\/fr\/wp-json\/wp\/v2\/pages"}],"about":[{"href":"https:\/\/www.nevadomarbella.com\/fr\/wp-json\/wp\/v2\/types\/page"}],"author":[{"embeddable":true,"href":"https:\/\/www.nevadomarbella.com\/fr\/wp-json\/wp\/v2\/users\/3"}],"replies":[{"embeddable":true,"href":"https:\/\/www.nevadomarbella.com\/fr\/wp-json\/wp\/v2\/comments?post=20396"}],"version-history":[{"count":1,"href":"https:\/\/www.nevadomarbella.com\/fr\/wp-json\/wp\/v2\/pages\/20396\/revisions"}],"predecessor-version":[{"id":20400,"href":"https:\/\/www.nevadomarbella.com\/fr\/wp-json\/wp\/v2\/pages\/20396\/revisions\/20400"}],"up":[{"embeddable":true,"href":"https:\/\/www.nevadomarbella.com\/fr\/wp-json\/wp\/v2\/pages\/17627"}],"wp:attachment":[{"href":"https:\/\/www.nevadomarbella.com\/fr\/wp-json\/wp\/v2\/media?parent=20396"}],"curies":[{"name":"wp","href":"https:\/\/api.w.org\/{rel}","templated":true}]}}

Villas à vendre à Puerto Banús

<section class="wp-block-group jaleo-properties-grid is-layout-flow wp-block-group-is-layout-flow" style="margin-top:0;margin-bottom:var(--wp--preset--spacing--60);padding-right:var(--wp--preset--spacing--50);padding-left:var(--wp--preset--spacing--50)">
<h1 class="wp-block-heading has-text-align-center" style="padding-right:0;padding-left:0">Derniers Villas à vendre à Puerto Banús</h1>



<div class="wp-block-group is-layout-flow wp-block-group-is-layout-flow" style="margin-top:var(--wp--preset--spacing--30);padding-top:0;padding-right:0;padding-bottom:0;padding-left:0">	<div id="wpb__style_container" class="wpb--container">
		<div class="wpb--card-container">
			<div class="wpb--card">
	<div class="wpb--aspect-box wpb--panoramic">
		<a class="wpb--stretched-link" href="/fr/propriete/vente-marbella-puerto-banus-villa-jumelee-642211">
							<img decoding="async" loading="lazy" class="wpb--image-fit" src="https://www.nevadomarbella.com/wp-content/uploads/inmoba/thumb-all-0.75-exact-642211.webp" alt="Maison jumelée à vendre dans l'urbanisation Banús Bay, à quelques minutes de la plage" />
			
					</a>
	</div>
	<div class="wpb--card-body">
		<span class="wpb--card-body-location">Marbella - Puerto Banus</span>
		<h3 class="wpb--card-title">
			<a class="wpb--stretched-link" href="/fr/propriete/vente-marbella-puerto-banus-villa-jumelee-642211">
				Maison jumelée à vendre dans l'urbanisation Banús Bay, à quelques minutes de la plage			</a>
		</h3>
		<div class="wpb--card-data">
			<ul class="wpb--card-features">
										<li>5  Chambres, </li>
										<li>3  Bains, </li>
										<li>432 m&sup2; Construit</li>
							</ul>
			<div class="wpb--card-price">
				2.675.000 &euro;<span>163-04401P</span>			</div>
		</div>
	</div>
</div>
		</div>
		<!-- Go to the full list -->
				<div class="wpb--center">
			<a class="wpb--btn-outline" href="/fr/propriete-a-vendre-a-marbella?f=sale&c=c24&a=a46&t=T2&pf&pt&b">Voir plus</a>
		</div>
			</div>

</div>
</section>



<div class="wp-block-group has-global-padding is-layout-constrained wp-block-group-is-layout-constrained" style="margin-bottom:var(--wp--preset--spacing--50)">
<p style="padding-top:var(--wp--preset--spacing--20);padding-right:var(--wp--preset--spacing--50);padding-bottom:var(--wp--preset--spacing--20);padding-left:var(--wp--preset--spacing--50)">Villas à vendre à Puerto Banús, la destination la plus exclusive et glamour de la Costa del Sol. Puerto Banús n&rsquo;est pas seulement synonyme de luxe, de yachts et de boutiques haut de gamme, mais aussi de résidences de rêve dans des enclaves privilégiées en bord de mer. Que ce soit comme résidence principale ou comme maison de vacances, nos villas se distinguent par leur conception, leur emplacement et leurs prestations. Des propriétés modernes de style contemporain aux villas méditerranéennes au charme andalou, chaque logement offre intimité, confort et une excellente connexion avec le centre de Marbella, les terrains de golf et les services de premier ordre.</p>
</div>



<section class="wp-block-group alignfull jaleo-herobox-group wide right has-shell-background-color has-background is-layout-flow wp-block-group-is-layout-flow" style="margin-top:0;margin-bottom:var(--wp--preset--spacing--60);padding-right:var(--wp--preset--spacing--50);padding-left:var(--wp--preset--spacing--50)">
<div class="wp-block-columns alignwide are-vertically-aligned-center jaleo-herobox-columns is-layout-flex wp-container-core-columns-is-layout-2e289adc wp-block-columns-is-layout-flex" style="padding-top:0;padding-right:0;padding-bottom:0;padding-left:0">
<div class="wp-block-column is-vertically-aligned-center jaleo-herobox-content is-layout-flow wp-block-column-is-layout-flow" style="padding-right:0;flex-basis:50%">
<div class="wp-block-group has-global-padding is-content-justification-right is-layout-constrained wp-container-core-group-is-layout-d74be48a wp-block-group-is-layout-constrained" style="margin-top:0;margin-bottom:0;padding-top:0;padding-right:var(--wp--preset--spacing--30);padding-left:var(--wp--preset--spacing--30)">
<h2 class="wp-block-heading" style="margin-bottom:var(--wp--preset--spacing--40);font-style:normal;font-weight:400;text-transform:uppercase">Vivre le luxe au bord de la mer : villas exclusives à Puerto Banús</h2>



<p>Acheter une villa à Puerto Banús, c&rsquo;est bien plus qu&rsquo;acquérir un bien immobilier : c&rsquo;est accéder à un style de vie dynamique et sophistiqué. Ce quartier de Marbella est connu pour son port de plaisance animé, son offre gastronomique haut de gamme, ses boutiques de créateurs et son ambiance cosmopolite tout au long de l&rsquo;année. Les villas ici offrent non seulement des intérieurs spacieux et des finitions luxueuses, mais aussi des jardins privés, des piscines et des espaces idéaux pour se divertir. De plus, leur valeur de revente élevée et leur demande constante font de Puerto Banús un choix sûr pour les investisseurs qui recherchent la rentabilité sur le marché immobilier haut de gamme.</p>
</div>
</div>



<div class="wp-block-column is-vertically-aligned-center jaleo-herobox-column is-layout-flow wp-block-column-is-layout-flow" style="flex-basis:50%">
<figure class="wp-block-image size-full jaleo-herobox-image wp-duotone-unset-1"><img decoding="async" width="1280" height="1280" src="https://www.nevadomarbella.com/wp-content/uploads/2025/01/panoramica-puerto-banus-nevado-realty-marbella.webp" alt="Vista panorámica de Puerto Banús" class="wp-image-19480" style="aspect-ratio:1;object-fit:cover"/><figcaption class="wp-element-caption"><br></figcaption></figure>
</div>
</div>
</section>



<section class="wp-block-group alignfull jaleo-heroform is-layout-flow wp-block-group-is-layout-flow" style="margin-bottom:var(--wp--preset--spacing--60);padding-right:var(--wp--preset--spacing--50);padding-left:var(--wp--preset--spacing--50)">
<div class="wp-block-columns alignwide are-vertically-aligned-center is-layout-flex wp-container-core-columns-is-layout-28f84493 wp-block-columns-is-layout-flex">
<div class="wp-block-column is-vertically-aligned-center has-global-padding is-layout-constrained wp-block-column-is-layout-constrained" style="flex-basis:50%">
<figure class="wp-block-image size-full is-style-default wp-duotone-unset-2"><img decoding="async" width="1000" height="1250" src="https://www.nevadomarbella.com/wp-content/uploads/2024/09/gines-garcia-ceo-nevado-realty-marbella.jpg" alt="" class="wp-image-16598" style="aspect-ratio:3/4;object-fit:cover"/></figure>
</div>



<div class="wp-block-column is-vertically-aligned-center has-global-padding is-layout-constrained wp-block-column-is-layout-constrained" style="flex-basis:50%">
<h2 class="wp-block-heading has-x-large-font-size">VOUS NE TROUVEZ PAS CE QUE VOUS CHERCHEZ ?</h2>



<p>Si vous ne trouvez pas la villa de vos rêves à Puerto Banús mais que vous savez ce que vous voulez, nous pouvons vous aider. Contactez-nous et nous essaierons de la trouver pour vous et s&rsquo;il n&rsquo;y a pas d&rsquo;unité disponible, nous serons au courant de toute nouvelle propriété qui pourrait vous intéresser.</p>


<div id="wpb__style_container" class="wpb__style_container wpb--container"><form id="property_form" class="wpb--property-form" action="localhost" method="POST" data-contact="property_form" data-lead-sent-ok="Votre message a été envoyé." data-sitekey="6Lcu70ApAAAAALSclGERBvdFXlfg15po4zMqthx0">
	<input type="hidden" name="subject" value="Contact à partir de la propriété /fr/wp-json/wp/v2/pages/20396" />
	<input type="hidden" name="g-recaptcha-response" value="" />
	<input type="hidden" name="success" value="/fr/thank-you-page" /> 
		<input name="name" type="text" autocomplete="off" placeholder="Nom complet" required data-error="Nom complet Obligatoire " />
	<input name="email" type="email" autocomplete="off" placeholder="Adresse électronique " required data-error="Courriel requis" />
	<input name="intphone" style="width: 100%" type="tel" autocomplete="off" placeholder="Téléphone" data-error="Les numéros de téléphone doivent comporter entre 8 et 20 chiffres." />
	<input name="source" type="hidden" value="https://www.nevadomarbella.com/fr/wp-json/wp/v2/pages/20396"/>
		<textarea name="comment" rows="6" placeholder="Tapez vos questions"></textarea>

	<div class="wpb--custom-checkbox">
		<input type="checkbox" id="property_form-property_form-customCheck1" name="privacy_policy" required data-error="Champ obligatoire" />
		<label for="property_form-property_form-customCheck1">J'accepte la  <a href="https://www.nevadomarbella.com/privacy" target="_blank">Politique de confidentialité </a></label>
	</div>
	<div class="wpb--custom-checkbox">
		<input type="checkbox" id="property_form-property_form-customCheck2" name="commercial_information" />
		<label for="property_form-property_form-customCheck2">J'accepte de recevoir des informations par e-mail </label>
	</div>
	<button data-ids="property_form" data-lang="" class="btn wpb--formbutton g-recaptcha" type="submit"><span id="text-send">Envoyer</span> <span id="spinner-send"></span></button>
	<p id="result" class="wpb--form-msg"></p>
</form>
	<script src="https://www.google.com/recaptcha/api.js?render=6Lcu70ApAAAAALSclGERBvdFXlfg15po4zMqthx0&hl="></script>
	<link rel="stylesheet" href="https://cdn.jsdelivr.net/npm/intl-tel-input@23.0.10/build/css/intlTelInput.css">
	<script src="https://cdn.jsdelivr.net/npm/intl-tel-input@23.0.10/build/js/intlTelInput.min.js"></script>
	<script>
		const input = document.querySelectorAll("[name=intphone]");
		if (input.length) {
			let initialCountry ;
			const currentLang = document.querySelector("html").getAttribute("lang").split("-")[0];
			switch (currentLang) {
				case "en" : 
					initialCountry = "gb";
					break;
				case "es" : 
					initialCountry = "es";
					break;
				case "fr":
					initialCountry = "fr";
					break;
				default:
					initialCountry = "es";
					break;
			}
			input.forEach(function(item) {
				window.intlTelInput(item, {
					utilsScript: "https://cdn.jsdelivr.net/npm/intl-tel-input@23.0.10/build/js/utils.js",
					initialCountry: initialCountry,
					hiddenInput: () => ({ phone: "phone", country: "country_code" }),
					countryOrder: ["gb", "se", "es", "fr", "de"],
					nationalMode: false,
					autoHideDialCode: false,
					excludeCountries: ["none"],
					separateDialCode: true
				})
			});
		}
	</script>
</div>
</div>
</div>
</section>



<p></p>

<p>Derniers Villas à vendre à Puerto Banús Villas à vendre à Puerto Banús, la destination la plus exclusive et glamour de la Costa del Sol. Puerto Banús n&rsquo;est pas seulement synonyme de luxe, de yachts et de boutiques haut de gamme, mais aussi de résidences de rêve dans des enclaves privilégiées en bord de mer. [&hellip;]</p>
