{"id":19900,"date":"2025-01-30T13:03:22","date_gmt":"2025-01-30T12:03:22","guid":{"rendered":"https:\/\/www.nevadomarbella.com\/?page_id=19900"},"modified":"2025-01-30T13:03:22","modified_gmt":"2025-01-30T12:03:22","slug":"marcos-garcia-photographe-nevado-realty","status":"publish","type":"page","link":"https:\/\/www.nevadomarbella.com\/fr\/marcos-garcia-photographe-nevado-realty","title":{"rendered":"Marcos Garc\u00eda"},"content":{"rendered":"\n<div class=\"wp-block-group has-global-padding is-layout-constrained wp-block-group-is-layout-constrained\" style=\"margin-top:0\">\n<h1 class=\"wp-block-heading has-text-align-left\" style=\"font-style:normal;font-weight:700\">Marcos Garc\u00eda<\/h1>\n<\/div>\n\n\n\n<section class=\"wp-block-group alignfull jaleo-herobox-group wide right has-shell-background-color has-background is-layout-flow wp-block-group-is-layout-flow\" style=\"margin-top:var(--wp--preset--spacing--50);margin-bottom:var(--wp--preset--spacing--60);padding-right:var(--wp--preset--spacing--50);padding-left:var(--wp--preset--spacing--50)\">\n<div class=\"wp-block-columns alignwide are-vertically-aligned-center jaleo-herobox-columns is-layout-flex wp-container-core-columns-is-layout-2e289adc wp-block-columns-is-layout-flex\" style=\"padding-top:0;padding-right:0;padding-bottom:0;padding-left:0\">\n<div class=\"wp-block-column is-vertically-aligned-center jaleo-herobox-column is-layout-flow wp-block-column-is-layout-flow\" style=\"flex-basis:50%\">\n<figure class=\"wp-block-image size-full jaleo-herobox-image wp-duotone-unset-1\" id=\"buyers-guide\"><img decoding=\"async\" width=\"750\" height=\"1000\" src=\"https:\/\/www.nevadomarbella.com\/wp-content\/uploads\/2025\/01\/marcos-copia.webp\" alt=\"Marcos Garc\u00eda, fot\u00f3grafo\" class=\"wp-image-19665\" style=\"aspect-ratio:3\/4;object-fit:contain\"\/><\/figure>\n<\/div>\n\n\n\n<div class=\"wp-block-column is-vertically-aligned-center jaleo-herobox-content is-layout-flow wp-block-column-is-layout-flow\" style=\"padding-right:0;flex-basis:50%\">\n<div class=\"wp-block-group has-global-padding is-content-justification-right is-layout-constrained wp-container-core-group-is-layout-d74be48a wp-block-group-is-layout-constrained\" style=\"margin-top:0;margin-bottom:0;padding-top:0;padding-right:var(--wp--preset--spacing--30);padding-left:var(--wp--preset--spacing--30)\">\n<h3 class=\"wp-block-heading\" style=\"margin-bottom:var(--wp--preset--spacing--40);font-style:normal;font-weight:400;text-transform:uppercase\">\u00ab\u00a0Chaque recoin d&rsquo;une propri\u00e9t\u00e9 a une histoire \u00e0 raconter ; ma mission est de la capturer et de la raconter\u00a0\u00bb<\/h3>\n\n\n\n<p>Marcos Garc\u00eda est un professionnel minutieux qui se distingue par sa capacit\u00e9 \u00e0 capturer l&rsquo;essence de chaque propri\u00e9t\u00e9 \u00e0 travers ses photographies. Rien n&rsquo;\u00e9chappe \u00e0 son \u0153il exigeant, qui veille \u00e0 ce que chaque cadre et chaque d\u00e9tail refl\u00e8tent la personnalit\u00e9 de chaque espace.<\/p>\n\n\n\n<p>Dans sa vie priv\u00e9e, Marcos est passionn\u00e9 par la nature, qui l&rsquo;inspire dans son travail et lui permet de se rapprocher d&rsquo;environnements uniques. Il pratique des sports tels que la plong\u00e9e sous-marine, l&rsquo;enduro et le surf \u00e0 pagaie, des activit\u00e9s qui refl\u00e8tent son esprit d&rsquo;aventure et son amour pour le plein air.<\/p>\n<\/div>\n<\/div>\n<\/div>\n<\/section>\n","protected":false},"excerpt":{"rendered":"<p>Marcos Garc\u00eda \u00ab\u00a0Chaque recoin d&rsquo;une propri\u00e9t\u00e9 a une histoire \u00e0 raconter ; ma mission est de la capturer et de la raconter\u00a0\u00bb Marcos Garc\u00eda est un professionnel minutieux qui se distingue par sa capacit\u00e9 \u00e0 capturer l&rsquo;essence de chaque propri\u00e9t\u00e9 \u00e0 travers ses photographies. Rien n&rsquo;\u00e9chappe \u00e0 son \u0153il exigeant, qui veille \u00e0 ce que [&hellip;]<\/p>\n","protected":false},"author":3,"featured_media":0,"parent":0,"menu_order":6,"comment_status":"closed","ping_status":"closed","template":"solid-header","meta":{"_acf_changed":false,"footnotes":""},"class_list":["post-19900","page","type-page","status-publish","hentry"],"acf":[],"_links":{"self":[{"href":"https:\/\/www.nevadomarbella.com\/fr\/wp-json\/wp\/v2\/pages\/19900","targetHints":{"allow":["GET"]}}],"collection":[{"href":"https:\/\/www.nevadomarbella.com\/fr\/wp-json\/wp\/v2\/pages"}],"about":[{"href":"https:\/\/www.nevadomarbella.com\/fr\/wp-json\/wp\/v2\/types\/page"}],"author":[{"embeddable":true,"href":"https:\/\/www.nevadomarbella.com\/fr\/wp-json\/wp\/v2\/users\/3"}],"replies":[{"embeddable":true,"href":"https:\/\/www.nevadomarbella.com\/fr\/wp-json\/wp\/v2\/comments?post=19900"}],"version-history":[{"count":1,"href":"https:\/\/www.nevadomarbella.com\/fr\/wp-json\/wp\/v2\/pages\/19900\/revisions"}],"predecessor-version":[{"id":19903,"href":"https:\/\/www.nevadomarbella.com\/fr\/wp-json\/wp\/v2\/pages\/19900\/revisions\/19903"}],"wp:attachment":[{"href":"https:\/\/www.nevadomarbella.com\/fr\/wp-json\/wp\/v2\/media?parent=19900"}],"curies":[{"name":"wp","href":"https:\/\/api.w.org\/{rel}","templated":true}]}}

Marcos García

<div class="wp-block-group has-global-padding is-layout-constrained wp-block-group-is-layout-constrained" style="margin-top:0">
<h1 class="wp-block-heading has-text-align-left" style="font-style:normal;font-weight:700">Marcos García</h1>
</div>



<section class="wp-block-group alignfull jaleo-herobox-group wide right has-shell-background-color has-background is-layout-flow wp-block-group-is-layout-flow" style="margin-top:var(--wp--preset--spacing--50);margin-bottom:var(--wp--preset--spacing--60);padding-right:var(--wp--preset--spacing--50);padding-left:var(--wp--preset--spacing--50)">
<div class="wp-block-columns alignwide are-vertically-aligned-center jaleo-herobox-columns is-layout-flex wp-container-core-columns-is-layout-2e289adc wp-block-columns-is-layout-flex" style="padding-top:0;padding-right:0;padding-bottom:0;padding-left:0">
<div class="wp-block-column is-vertically-aligned-center jaleo-herobox-column is-layout-flow wp-block-column-is-layout-flow" style="flex-basis:50%">
<figure class="wp-block-image size-full jaleo-herobox-image wp-duotone-unset-1" id="buyers-guide"><img decoding="async" width="750" height="1000" src="https://www.nevadomarbella.com/wp-content/uploads/2025/01/marcos-copia.webp" alt="Marcos García, fotógrafo" class="wp-image-19665" style="aspect-ratio:3/4;object-fit:contain"/></figure>
</div>



<div class="wp-block-column is-vertically-aligned-center jaleo-herobox-content is-layout-flow wp-block-column-is-layout-flow" style="padding-right:0;flex-basis:50%">
<div class="wp-block-group has-global-padding is-content-justification-right is-layout-constrained wp-container-core-group-is-layout-d74be48a wp-block-group-is-layout-constrained" style="margin-top:0;margin-bottom:0;padding-top:0;padding-right:var(--wp--preset--spacing--30);padding-left:var(--wp--preset--spacing--30)">
<h3 class="wp-block-heading" style="margin-bottom:var(--wp--preset--spacing--40);font-style:normal;font-weight:400;text-transform:uppercase">« Chaque recoin d&rsquo;une propriété a une histoire à raconter ; ma mission est de la capturer et de la raconter »</h3>



<p>Marcos García est un professionnel minutieux qui se distingue par sa capacité à capturer l&rsquo;essence de chaque propriété à travers ses photographies. Rien n&rsquo;échappe à son œil exigeant, qui veille à ce que chaque cadre et chaque détail reflètent la personnalité de chaque espace.</p>



<p>Dans sa vie privée, Marcos est passionné par la nature, qui l&rsquo;inspire dans son travail et lui permet de se rapprocher d&rsquo;environnements uniques. Il pratique des sports tels que la plongée sous-marine, l&rsquo;enduro et le surf à pagaie, des activités qui reflètent son esprit d&rsquo;aventure et son amour pour le plein air.</p>
</div>
</div>
</div>
</section>

<p>Marcos García « Chaque recoin d&rsquo;une propriété a une histoire à raconter ; ma mission est de la capturer et de la raconter » Marcos García est un professionnel minutieux qui se distingue par sa capacité à capturer l&rsquo;essence de chaque propriété à travers ses photographies. Rien n&rsquo;échappe à son œil exigeant, qui veille à ce que [&hellip;]</p>
