{"id":19869,"date":"2013-08-23T09:31:37","date_gmt":"2025-01-28T12:39:07","guid":{"rendered":"https:\/\/www.nevadomarbella.com\/?page_id=19869"},"modified":"2025-02-10T13:19:47","modified_gmt":"2025-02-10T12:19:47","slug":"marina-artero-agent-listings-nevado-realty","status":"publish","type":"page","link":"https:\/\/www.nevadomarbella.com\/fr\/marina-artero-agent-listings-nevado-realty","title":{"rendered":"Marina Artero"},"content":{"rendered":"\n<div class=\"wp-block-group has-global-padding is-layout-constrained wp-block-group-is-layout-constrained\" style=\"margin-top:0\">\n<h1 class=\"wp-block-heading has-text-align-left\" style=\"font-style:normal;font-weight:700\">Marina artero<\/h1>\n<\/div>\n\n\n\n<section class=\"wp-block-group alignfull jaleo-herobox-group wide right has-shell-background-color has-background is-layout-flow wp-block-group-is-layout-flow\" style=\"margin-top:var(--wp--preset--spacing--50);margin-bottom:var(--wp--preset--spacing--60);padding-right:var(--wp--preset--spacing--50);padding-left:var(--wp--preset--spacing--50)\">\n<div class=\"wp-block-columns alignwide are-vertically-aligned-center jaleo-herobox-columns is-layout-flex wp-container-core-columns-is-layout-2e289adc wp-block-columns-is-layout-flex\" style=\"padding-top:0;padding-right:0;padding-bottom:0;padding-left:0\">\n<div class=\"wp-block-column is-vertically-aligned-center jaleo-herobox-column is-layout-flow wp-block-column-is-layout-flow\" style=\"flex-basis:50%\">\n<figure class=\"wp-block-image size-full jaleo-herobox-image wp-duotone-unset-1\" id=\"buyers-guide\"><img decoding=\"async\" width=\"750\" height=\"1000\" src=\"https:\/\/www.nevadomarbella.com\/wp-content\/uploads\/2025\/01\/marina-copia.webp\" alt=\"Marina Artero, agente de captaci\u00f3n\" class=\"wp-image-19673\" style=\"aspect-ratio:3\/4;object-fit:contain\"\/><\/figure>\n<\/div>\n\n\n\n<div class=\"wp-block-column is-vertically-aligned-center jaleo-herobox-content is-layout-flow wp-block-column-is-layout-flow\" style=\"padding-right:0;flex-basis:50%\">\n<div class=\"wp-block-group has-global-padding is-content-justification-right is-layout-constrained wp-container-core-group-is-layout-d74be48a wp-block-group-is-layout-constrained\" style=\"margin-top:0;margin-bottom:0;padding-top:0;padding-right:var(--wp--preset--spacing--30);padding-left:var(--wp--preset--spacing--30)\">\n<h2 class=\"wp-block-heading\" style=\"margin-bottom:var(--wp--preset--spacing--40);font-style:normal;font-weight:400;text-transform:uppercase\">\u00ab\u00a0La croissance n&rsquo;est pas lin\u00e9aire et ne s&rsquo;arr\u00eate jamais\u00a0\u00bb<\/h2>\n\n\n\n<p>Marina est avocate de profession, mais sa passion pour l&rsquo;architecture et la d\u00e9coration d&rsquo;int\u00e9rieur l&rsquo;a amen\u00e9e \u00e0 entrer dans le secteur de l&rsquo;immobilier, o\u00f9 elle combine ses connaissances juridiques avec sa sensibilit\u00e9 esth\u00e9tique pour offrir un service exceptionnel.<\/p>\n\n\n\n<p>Originaire de Carthag\u00e8ne, Marina a \u00e9galement Marbella dans son c\u0153ur, ayant fait de cette ville dynamique sa maison et le centre de sa carri\u00e8re professionnelle, car l&rsquo;une de ses devises est \u00ab la r\u00e9alisation de vos objectifs ne d\u00e9pend pas de l&rsquo;endroit o\u00f9 vous vous trouvez \u00bb.<\/p>\n\n\n\n<p>Sa capacit\u00e9 \u00e0 communiquer avec des personnes de cultures diff\u00e9rentes se refl\u00e8te dans sa ma\u00eetrise de l&rsquo;anglais et de l&rsquo;espagnol, ainsi que dans son engagement \u00e0 perfectionner son fran\u00e7ais, ce qui t\u00e9moigne d&rsquo;une qu\u00eate constante d&rsquo;\u00e9panouissement professionnel et personnel.<\/p>\n<\/div>\n<\/div>\n<\/div>\n<\/section>\n","protected":false},"excerpt":{"rendered":"<p>Marina artero \u00ab\u00a0La croissance n&rsquo;est pas lin\u00e9aire et ne s&rsquo;arr\u00eate jamais\u00a0\u00bb Marina est avocate de profession, mais sa passion pour l&rsquo;architecture et la d\u00e9coration d&rsquo;int\u00e9rieur l&rsquo;a amen\u00e9e \u00e0 entrer dans le secteur de l&rsquo;immobilier, o\u00f9 elle combine ses connaissances juridiques avec sa sensibilit\u00e9 esth\u00e9tique pour offrir un service exceptionnel. Originaire de Carthag\u00e8ne, Marina a \u00e9galement [&hellip;]<\/p>\n","protected":false},"author":3,"featured_media":0,"parent":0,"menu_order":6,"comment_status":"closed","ping_status":"closed","template":"solid-header","meta":{"_acf_changed":false,"footnotes":""},"class_list":["post-19869","page","type-page","status-publish","hentry"],"acf":[],"_links":{"self":[{"href":"https:\/\/www.nevadomarbella.com\/fr\/wp-json\/wp\/v2\/pages\/19869","targetHints":{"allow":["GET"]}}],"collection":[{"href":"https:\/\/www.nevadomarbella.com\/fr\/wp-json\/wp\/v2\/pages"}],"about":[{"href":"https:\/\/www.nevadomarbella.com\/fr\/wp-json\/wp\/v2\/types\/page"}],"author":[{"embeddable":true,"href":"https:\/\/www.nevadomarbella.com\/fr\/wp-json\/wp\/v2\/users\/3"}],"replies":[{"embeddable":true,"href":"https:\/\/www.nevadomarbella.com\/fr\/wp-json\/wp\/v2\/comments?post=19869"}],"version-history":[{"count":1,"href":"https:\/\/www.nevadomarbella.com\/fr\/wp-json\/wp\/v2\/pages\/19869\/revisions"}],"predecessor-version":[{"id":19929,"href":"https:\/\/www.nevadomarbella.com\/fr\/wp-json\/wp\/v2\/pages\/19869\/revisions\/19929"}],"wp:attachment":[{"href":"https:\/\/www.nevadomarbella.com\/fr\/wp-json\/wp\/v2\/media?parent=19869"}],"curies":[{"name":"wp","href":"https:\/\/api.w.org\/{rel}","templated":true}]}}

<div class="wp-block-group has-global-padding is-layout-constrained wp-block-group-is-layout-constrained" style="margin-top:0">
<h1 class="wp-block-heading has-text-align-left" style="font-style:normal;font-weight:700">Marina artero</h1>
</div>



<section class="wp-block-group alignfull jaleo-herobox-group wide right has-shell-background-color has-background is-layout-flow wp-block-group-is-layout-flow" style="margin-top:var(--wp--preset--spacing--50);margin-bottom:var(--wp--preset--spacing--60);padding-right:var(--wp--preset--spacing--50);padding-left:var(--wp--preset--spacing--50)">
<div class="wp-block-columns alignwide are-vertically-aligned-center jaleo-herobox-columns is-layout-flex wp-container-core-columns-is-layout-2e289adc wp-block-columns-is-layout-flex" style="padding-top:0;padding-right:0;padding-bottom:0;padding-left:0">
<div class="wp-block-column is-vertically-aligned-center jaleo-herobox-column is-layout-flow wp-block-column-is-layout-flow" style="flex-basis:50%">
<figure class="wp-block-image size-full jaleo-herobox-image wp-duotone-unset-1" id="buyers-guide"><img decoding="async" width="750" height="1000" src="https://www.nevadomarbella.com/wp-content/uploads/2025/01/marina-copia.webp" alt="Marina Artero, agente de captación" class="wp-image-19673" style="aspect-ratio:3/4;object-fit:contain"/></figure>
</div>



<div class="wp-block-column is-vertically-aligned-center jaleo-herobox-content is-layout-flow wp-block-column-is-layout-flow" style="padding-right:0;flex-basis:50%">
<div class="wp-block-group has-global-padding is-content-justification-right is-layout-constrained wp-container-core-group-is-layout-d74be48a wp-block-group-is-layout-constrained" style="margin-top:0;margin-bottom:0;padding-top:0;padding-right:var(--wp--preset--spacing--30);padding-left:var(--wp--preset--spacing--30)">
<h2 class="wp-block-heading" style="margin-bottom:var(--wp--preset--spacing--40);font-style:normal;font-weight:400;text-transform:uppercase">« La croissance n&rsquo;est pas linéaire et ne s&rsquo;arrête jamais »</h2>



<p>Marina est avocate de profession, mais sa passion pour l&rsquo;architecture et la décoration d&rsquo;intérieur l&rsquo;a amenée à entrer dans le secteur de l&rsquo;immobilier, où elle combine ses connaissances juridiques avec sa sensibilité esthétique pour offrir un service exceptionnel.</p>



<p>Originaire de Carthagène, Marina a également Marbella dans son cœur, ayant fait de cette ville dynamique sa maison et le centre de sa carrière professionnelle, car l&rsquo;une de ses devises est « la réalisation de vos objectifs ne dépend pas de l&rsquo;endroit où vous vous trouvez ».</p>



<p>Sa capacité à communiquer avec des personnes de cultures différentes se reflète dans sa maîtrise de l&rsquo;anglais et de l&rsquo;espagnol, ainsi que dans son engagement à perfectionner son français, ce qui témoigne d&rsquo;une quête constante d&rsquo;épanouissement professionnel et personnel.</p>
</div>
</div>
</div>
</section>

<p>Marina artero « La croissance n&rsquo;est pas linéaire et ne s&rsquo;arrête jamais » Marina est avocate de profession, mais sa passion pour l&rsquo;architecture et la décoration d&rsquo;intérieur l&rsquo;a amenée à entrer dans le secteur de l&rsquo;immobilier, où elle combine ses connaissances juridiques avec sa sensibilité esthétique pour offrir un service exceptionnel. Originaire de Carthagène, Marina a également [&hellip;]</p>
