{"id":19864,"date":"2025-01-28T10:35:25","date_gmt":"2025-01-28T09:35:25","guid":{"rendered":"https:\/\/www.nevadomarbella.com\/?page_id=19864"},"modified":"2025-02-10T12:38:14","modified_gmt":"2025-02-10T11:38:14","slug":"elisa-rodriguez-agent-commercial-nevado-realty","status":"publish","type":"page","link":"https:\/\/www.nevadomarbella.com\/fr\/elisa-rodriguez-agent-commercial-nevado-realty","title":{"rendered":"Elisa Rodr\u00edguez"},"content":{"rendered":"\n<div class=\"wp-block-group has-global-padding is-layout-constrained wp-block-group-is-layout-constrained\" style=\"margin-top:0\">\n<h1 class=\"wp-block-heading has-text-align-left\" style=\"font-style:normal;font-weight:700\">Elisa Rodr\u00edguez<\/h1>\n<\/div>\n\n\n\n<section class=\"wp-block-group alignfull jaleo-herobox-group wide right has-shell-background-color has-background is-layout-flow wp-block-group-is-layout-flow\" style=\"margin-top:var(--wp--preset--spacing--50);margin-bottom:var(--wp--preset--spacing--60);padding-right:var(--wp--preset--spacing--50);padding-left:var(--wp--preset--spacing--50)\">\n<div class=\"wp-block-columns alignwide are-vertically-aligned-center jaleo-herobox-columns is-layout-flex wp-container-core-columns-is-layout-2e289adc wp-block-columns-is-layout-flex\" style=\"padding-top:0;padding-right:0;padding-bottom:0;padding-left:0\">\n<div class=\"wp-block-column is-vertically-aligned-center jaleo-herobox-column is-layout-flow wp-block-column-is-layout-flow\" style=\"flex-basis:50%\">\n<figure class=\"wp-block-image size-full jaleo-herobox-image wp-duotone-unset-1\" id=\"buyers-guide\"><img decoding=\"async\" width=\"750\" height=\"1000\" src=\"https:\/\/www.nevadomarbella.com\/wp-content\/uploads\/2025\/01\/eli-copia.webp\" alt=\"Elisa Rodr\u00edguez, agente de ventas y alquiler en Nevado Realty\" class=\"wp-image-19645\" style=\"aspect-ratio:3\/4;object-fit:contain\"\/><\/figure>\n<\/div>\n\n\n\n<div class=\"wp-block-column is-vertically-aligned-center jaleo-herobox-content is-layout-flow wp-block-column-is-layout-flow\" style=\"padding-right:0;flex-basis:50%\">\n<div class=\"wp-block-group has-global-padding is-content-justification-right is-layout-constrained wp-container-core-group-is-layout-d74be48a wp-block-group-is-layout-constrained\" style=\"margin-top:0;margin-bottom:0;padding-top:0;padding-right:var(--wp--preset--spacing--30);padding-left:var(--wp--preset--spacing--30)\">\n<h2 class=\"wp-block-heading\" style=\"margin-bottom:var(--wp--preset--spacing--40);font-style:normal;font-weight:400;text-transform:uppercase\">\u00ab\u00a0J&rsquo;aime apprendre et m&rsquo;am\u00e9liorer chaque jour\u00a0\u00bb<\/h2>\n\n\n\n<p>Sp\u00e9cialis\u00e9 dans la vente et la location de propri\u00e9t\u00e9s sur la Costa del Sol depuis plus de 10 ans. Engag\u00e9, responsable et orient\u00e9 pour rendre le processus de vente ou de location efficace. Parle anglais et espagnol.<\/p>\n\n\n\n<p>\u00ab\u00a0Je suis une personne sociable, entreprenante et proactive. Je me consid\u00e8re comme un ambassadeur de Marbella, connue internationalement pour son climat, ses prestigieuses marques d&rsquo;h\u00f4tels de luxe et le caract\u00e8re ouvert de ses habitants\u00a0\u00bb.<\/p>\n\n\n\n<p>\u00ab\u00a0Pendant mon temps libre, j&rsquo;aime apprendre de nouvelles choses pour me tenir au courant, en particulier des connaissances en mati\u00e8re de marketing en ligne et de strat\u00e9gies de vente\u00a0\u00bb.<\/p>\n<\/div>\n<\/div>\n<\/div>\n<\/section>\n","protected":false},"excerpt":{"rendered":"<p>Elisa Rodr\u00edguez \u00ab\u00a0J&rsquo;aime apprendre et m&rsquo;am\u00e9liorer chaque jour\u00a0\u00bb Sp\u00e9cialis\u00e9 dans la vente et la location de propri\u00e9t\u00e9s sur la Costa del Sol depuis plus de 10 ans. Engag\u00e9, responsable et orient\u00e9 pour rendre le processus de vente ou de location efficace. Parle anglais et espagnol. \u00ab\u00a0Je suis une personne sociable, entreprenante et proactive. Je me [&hellip;]<\/p>\n","protected":false},"author":3,"featured_media":0,"parent":0,"menu_order":6,"comment_status":"closed","ping_status":"closed","template":"solid-header","meta":{"_acf_changed":false,"footnotes":""},"class_list":["post-19864","page","type-page","status-publish","hentry"],"acf":[],"_links":{"self":[{"href":"https:\/\/www.nevadomarbella.com\/fr\/wp-json\/wp\/v2\/pages\/19864","targetHints":{"allow":["GET"]}}],"collection":[{"href":"https:\/\/www.nevadomarbella.com\/fr\/wp-json\/wp\/v2\/pages"}],"about":[{"href":"https:\/\/www.nevadomarbella.com\/fr\/wp-json\/wp\/v2\/types\/page"}],"author":[{"embeddable":true,"href":"https:\/\/www.nevadomarbella.com\/fr\/wp-json\/wp\/v2\/users\/3"}],"replies":[{"embeddable":true,"href":"https:\/\/www.nevadomarbella.com\/fr\/wp-json\/wp\/v2\/comments?post=19864"}],"version-history":[{"count":1,"href":"https:\/\/www.nevadomarbella.com\/fr\/wp-json\/wp\/v2\/pages\/19864\/revisions"}],"predecessor-version":[{"id":19922,"href":"https:\/\/www.nevadomarbella.com\/fr\/wp-json\/wp\/v2\/pages\/19864\/revisions\/19922"}],"wp:attachment":[{"href":"https:\/\/www.nevadomarbella.com\/fr\/wp-json\/wp\/v2\/media?parent=19864"}],"curies":[{"name":"wp","href":"https:\/\/api.w.org\/{rel}","templated":true}]}}

Elisa Rodríguez

<div class="wp-block-group has-global-padding is-layout-constrained wp-block-group-is-layout-constrained" style="margin-top:0">
<h1 class="wp-block-heading has-text-align-left" style="font-style:normal;font-weight:700">Elisa Rodríguez</h1>
</div>



<section class="wp-block-group alignfull jaleo-herobox-group wide right has-shell-background-color has-background is-layout-flow wp-block-group-is-layout-flow" style="margin-top:var(--wp--preset--spacing--50);margin-bottom:var(--wp--preset--spacing--60);padding-right:var(--wp--preset--spacing--50);padding-left:var(--wp--preset--spacing--50)">
<div class="wp-block-columns alignwide are-vertically-aligned-center jaleo-herobox-columns is-layout-flex wp-container-core-columns-is-layout-2e289adc wp-block-columns-is-layout-flex" style="padding-top:0;padding-right:0;padding-bottom:0;padding-left:0">
<div class="wp-block-column is-vertically-aligned-center jaleo-herobox-column is-layout-flow wp-block-column-is-layout-flow" style="flex-basis:50%">
<figure class="wp-block-image size-full jaleo-herobox-image wp-duotone-unset-1" id="buyers-guide"><img decoding="async" width="750" height="1000" src="https://www.nevadomarbella.com/wp-content/uploads/2025/01/eli-copia.webp" alt="Elisa Rodríguez, agente de ventas y alquiler en Nevado Realty" class="wp-image-19645" style="aspect-ratio:3/4;object-fit:contain"/></figure>
</div>



<div class="wp-block-column is-vertically-aligned-center jaleo-herobox-content is-layout-flow wp-block-column-is-layout-flow" style="padding-right:0;flex-basis:50%">
<div class="wp-block-group has-global-padding is-content-justification-right is-layout-constrained wp-container-core-group-is-layout-d74be48a wp-block-group-is-layout-constrained" style="margin-top:0;margin-bottom:0;padding-top:0;padding-right:var(--wp--preset--spacing--30);padding-left:var(--wp--preset--spacing--30)">
<h2 class="wp-block-heading" style="margin-bottom:var(--wp--preset--spacing--40);font-style:normal;font-weight:400;text-transform:uppercase">« J&rsquo;aime apprendre et m&rsquo;améliorer chaque jour »</h2>



<p>Spécialisé dans la vente et la location de propriétés sur la Costa del Sol depuis plus de 10 ans. Engagé, responsable et orienté pour rendre le processus de vente ou de location efficace. Parle anglais et espagnol.</p>



<p>« Je suis une personne sociable, entreprenante et proactive. Je me considère comme un ambassadeur de Marbella, connue internationalement pour son climat, ses prestigieuses marques d&rsquo;hôtels de luxe et le caractère ouvert de ses habitants ».</p>



<p>« Pendant mon temps libre, j&rsquo;aime apprendre de nouvelles choses pour me tenir au courant, en particulier des connaissances en matière de marketing en ligne et de stratégies de vente ».</p>
</div>
</div>
</div>
</section>

<p>Elisa Rodríguez « J&rsquo;aime apprendre et m&rsquo;améliorer chaque jour » Spécialisé dans la vente et la location de propriétés sur la Costa del Sol depuis plus de 10 ans. Engagé, responsable et orienté pour rendre le processus de vente ou de location efficace. Parle anglais et espagnol. « Je suis une personne sociable, entreprenante et proactive. Je me [&hellip;]</p>
