{"id":19818,"date":"2025-01-24T17:02:57","date_gmt":"2025-01-24T16:02:57","guid":{"rendered":"https:\/\/www.nevadomarbella.com\/?page_id=19818"},"modified":"2025-01-24T17:10:29","modified_gmt":"2025-01-24T16:10:29","slug":"yolanda-garaicoechea-agent-commercial-nevado-realty","status":"publish","type":"page","link":"https:\/\/www.nevadomarbella.com\/fr\/yolanda-garaicoechea-agent-commercial-nevado-realty","title":{"rendered":"Yolanda Garaicoechea"},"content":{"rendered":"\n<div class=\"wp-block-group has-global-padding is-layout-constrained wp-block-group-is-layout-constrained\" style=\"margin-top:0\">\n<h1 class=\"wp-block-heading has-text-align-left\" style=\"font-style:normal;font-weight:700\">Yolanda Garaicoechea<\/h1>\n<\/div>\n\n\n\n<section class=\"wp-block-group alignfull jaleo-herobox-group wide right has-shell-background-color has-background is-layout-flow wp-block-group-is-layout-flow\" style=\"margin-top:var(--wp--preset--spacing--50);margin-bottom:var(--wp--preset--spacing--60);padding-right:var(--wp--preset--spacing--50);padding-left:var(--wp--preset--spacing--50)\">\n<div class=\"wp-block-columns alignwide are-vertically-aligned-center jaleo-herobox-columns is-layout-flex wp-container-core-columns-is-layout-2e289adc wp-block-columns-is-layout-flex\" style=\"padding-top:0;padding-right:0;padding-bottom:0;padding-left:0\">\n<div class=\"wp-block-column is-vertically-aligned-center jaleo-herobox-column is-layout-flow wp-block-column-is-layout-flow\" style=\"flex-basis:50%\">\n<figure class=\"wp-block-image size-full jaleo-herobox-image wp-duotone-unset-1\" id=\"buyers-guide\"><img decoding=\"async\" width=\"750\" height=\"1000\" src=\"https:\/\/www.nevadomarbella.com\/wp-content\/uploads\/2025\/01\/yolanda-copia.webp\" alt=\"\" class=\"wp-image-19681\" style=\"aspect-ratio:3\/4;object-fit:contain\"\/><\/figure>\n<\/div>\n\n\n\n<div class=\"wp-block-column is-vertically-aligned-center jaleo-herobox-content is-layout-flow wp-block-column-is-layout-flow\" style=\"padding-right:0;flex-basis:50%\">\n<div class=\"wp-block-group has-global-padding is-content-justification-right is-layout-constrained wp-container-core-group-is-layout-d74be48a wp-block-group-is-layout-constrained\" style=\"margin-top:0;margin-bottom:0;padding-top:0;padding-right:var(--wp--preset--spacing--30);padding-left:var(--wp--preset--spacing--30)\">\n<h2 class=\"wp-block-heading\" style=\"margin-bottom:var(--wp--preset--spacing--40);font-style:normal;font-weight:400;text-transform:uppercase\">\u00ab\u00a025 ans d&rsquo;amour pour Marbella\u00a0\u00bb<\/h2>\n\n\n\n<p>Forte de son exp\u00e9rience sur la Costa del Sol, elle a rejoint Nevado Realty en 2011, o\u00f9 elle travaille sans rel\u00e2che depuis 14 ans. Sa gentillesse et son bon travail marquent tous ses clients, qui se souviennent toujours d&rsquo;elle lorsqu&rsquo;ils reviennent \u00e0 Marbella. Elle parle espagnol, anglais et fran\u00e7ais.<\/p>\n\n\n\n<p>Passionn\u00e9e de voyages, elle profite de chaque occasion pour explorer de nouveaux recoins de la g\u00e9ographie espagnole ou pour d\u00e9couvrir de nouvelles cultures dans d&rsquo;autres pays.<\/p>\n\n\n\n<p>\u00ab Je suis n\u00e9e \u00e0 Saint-S\u00e9bastien, o\u00f9 j&rsquo;ai termin\u00e9 mes \u00e9tudes en techniques de marketing.Je suis arriv\u00e9 sur la Costa del Sol il y a trente-cinq ans. Depuis 2000, je d\u00e9veloppe ma carri\u00e8re professionnelle dans le secteur de l&rsquo;immobilier \u00e0 Marbella, o\u00f9 j&rsquo;esp\u00e8re continuer \u00e0 vivre et \u00e0 travailler pendant de nombreuses ann\u00e9es.\u00bb<\/p>\n<\/div>\n<\/div>\n<\/div>\n<\/section>\n","protected":false},"excerpt":{"rendered":"<p>Yolanda Garaicoechea \u00ab\u00a025 ans d&rsquo;amour pour Marbella\u00a0\u00bb Forte de son exp\u00e9rience sur la Costa del Sol, elle a rejoint Nevado Realty en 2011, o\u00f9 elle travaille sans rel\u00e2che depuis 14 ans. Sa gentillesse et son bon travail marquent tous ses clients, qui se souviennent toujours d&rsquo;elle lorsqu&rsquo;ils reviennent \u00e0 Marbella. Elle parle espagnol, anglais et [&hellip;]<\/p>\n","protected":false},"author":3,"featured_media":0,"parent":0,"menu_order":6,"comment_status":"closed","ping_status":"closed","template":"solid-header","meta":{"_acf_changed":false,"footnotes":""},"class_list":["post-19818","page","type-page","status-publish","hentry"],"acf":[],"_links":{"self":[{"href":"https:\/\/www.nevadomarbella.com\/fr\/wp-json\/wp\/v2\/pages\/19818","targetHints":{"allow":["GET"]}}],"collection":[{"href":"https:\/\/www.nevadomarbella.com\/fr\/wp-json\/wp\/v2\/pages"}],"about":[{"href":"https:\/\/www.nevadomarbella.com\/fr\/wp-json\/wp\/v2\/types\/page"}],"author":[{"embeddable":true,"href":"https:\/\/www.nevadomarbella.com\/fr\/wp-json\/wp\/v2\/users\/3"}],"replies":[{"embeddable":true,"href":"https:\/\/www.nevadomarbella.com\/fr\/wp-json\/wp\/v2\/comments?post=19818"}],"version-history":[{"count":1,"href":"https:\/\/www.nevadomarbella.com\/fr\/wp-json\/wp\/v2\/pages\/19818\/revisions"}],"predecessor-version":[{"id":19827,"href":"https:\/\/www.nevadomarbella.com\/fr\/wp-json\/wp\/v2\/pages\/19818\/revisions\/19827"}],"wp:attachment":[{"href":"https:\/\/www.nevadomarbella.com\/fr\/wp-json\/wp\/v2\/media?parent=19818"}],"curies":[{"name":"wp","href":"https:\/\/api.w.org\/{rel}","templated":true}]}}

<div class="wp-block-group has-global-padding is-layout-constrained wp-block-group-is-layout-constrained" style="margin-top:0">
<h1 class="wp-block-heading has-text-align-left" style="font-style:normal;font-weight:700">Yolanda Garaicoechea</h1>
</div>



<section class="wp-block-group alignfull jaleo-herobox-group wide right has-shell-background-color has-background is-layout-flow wp-block-group-is-layout-flow" style="margin-top:var(--wp--preset--spacing--50);margin-bottom:var(--wp--preset--spacing--60);padding-right:var(--wp--preset--spacing--50);padding-left:var(--wp--preset--spacing--50)">
<div class="wp-block-columns alignwide are-vertically-aligned-center jaleo-herobox-columns is-layout-flex wp-container-core-columns-is-layout-2e289adc wp-block-columns-is-layout-flex" style="padding-top:0;padding-right:0;padding-bottom:0;padding-left:0">
<div class="wp-block-column is-vertically-aligned-center jaleo-herobox-column is-layout-flow wp-block-column-is-layout-flow" style="flex-basis:50%">
<figure class="wp-block-image size-full jaleo-herobox-image wp-duotone-unset-1" id="buyers-guide"><img decoding="async" width="750" height="1000" src="https://www.nevadomarbella.com/wp-content/uploads/2025/01/yolanda-copia.webp" alt="" class="wp-image-19681" style="aspect-ratio:3/4;object-fit:contain"/></figure>
</div>



<div class="wp-block-column is-vertically-aligned-center jaleo-herobox-content is-layout-flow wp-block-column-is-layout-flow" style="padding-right:0;flex-basis:50%">
<div class="wp-block-group has-global-padding is-content-justification-right is-layout-constrained wp-container-core-group-is-layout-d74be48a wp-block-group-is-layout-constrained" style="margin-top:0;margin-bottom:0;padding-top:0;padding-right:var(--wp--preset--spacing--30);padding-left:var(--wp--preset--spacing--30)">
<h2 class="wp-block-heading" style="margin-bottom:var(--wp--preset--spacing--40);font-style:normal;font-weight:400;text-transform:uppercase">« 25 ans d&rsquo;amour pour Marbella »</h2>



<p>Forte de son expérience sur la Costa del Sol, elle a rejoint Nevado Realty en 2011, où elle travaille sans relâche depuis 14 ans. Sa gentillesse et son bon travail marquent tous ses clients, qui se souviennent toujours d&rsquo;elle lorsqu&rsquo;ils reviennent à Marbella. Elle parle espagnol, anglais et français.</p>



<p>Passionnée de voyages, elle profite de chaque occasion pour explorer de nouveaux recoins de la géographie espagnole ou pour découvrir de nouvelles cultures dans d&rsquo;autres pays.</p>



<p>« Je suis née à Saint-Sébastien, où j&rsquo;ai terminé mes études en techniques de marketing.Je suis arrivé sur la Costa del Sol il y a trente-cinq ans. Depuis 2000, je développe ma carrière professionnelle dans le secteur de l&rsquo;immobilier à Marbella, où j&rsquo;espère continuer à vivre et à travailler pendant de nombreuses années.»</p>
</div>
</div>
</div>
</section>

<p>Yolanda Garaicoechea « 25 ans d&rsquo;amour pour Marbella » Forte de son expérience sur la Costa del Sol, elle a rejoint Nevado Realty en 2011, où elle travaille sans relâche depuis 14 ans. Sa gentillesse et son bon travail marquent tous ses clients, qui se souviennent toujours d&rsquo;elle lorsqu&rsquo;ils reviennent à Marbella. Elle parle espagnol, anglais et [&hellip;]</p>
