{"id":19779,"date":"2025-01-30T13:03:45","date_gmt":"2025-01-30T12:03:45","guid":{"rendered":"https:\/\/www.nevadomarbella.com\/?page_id=19779"},"modified":"2025-02-10T12:37:49","modified_gmt":"2025-02-10T11:37:49","slug":"marcos-garcia-fotografo-nevado-realty","status":"publish","type":"page","link":"https:\/\/www.nevadomarbella.com\/es\/marcos-garcia-fotografo-nevado-realty","title":{"rendered":"Marcos Garc\u00eda"},"content":{"rendered":"\n<div class=\"wp-block-group has-global-padding is-layout-constrained wp-block-group-is-layout-constrained\" style=\"margin-top:0\">\n<h1 class=\"wp-block-heading has-text-align-left\" style=\"font-style:normal;font-weight:700\">Marcos Garc\u00eda<\/h1>\n<\/div>\n\n\n\n<section class=\"wp-block-group alignfull jaleo-herobox-group wide right has-shell-background-color has-background is-layout-flow wp-block-group-is-layout-flow\" style=\"margin-top:var(--wp--preset--spacing--50);margin-bottom:var(--wp--preset--spacing--60);padding-right:var(--wp--preset--spacing--50);padding-left:var(--wp--preset--spacing--50)\">\n<div class=\"wp-block-columns alignwide are-vertically-aligned-center jaleo-herobox-columns is-layout-flex wp-container-core-columns-is-layout-2e289adc wp-block-columns-is-layout-flex\" style=\"padding-top:0;padding-right:0;padding-bottom:0;padding-left:0\">\n<div class=\"wp-block-column is-vertically-aligned-center jaleo-herobox-column is-layout-flow wp-block-column-is-layout-flow\" style=\"flex-basis:50%\">\n<figure class=\"wp-block-image size-full jaleo-herobox-image wp-duotone-unset-1\" id=\"buyers-guide\"><img decoding=\"async\" width=\"750\" height=\"1000\" src=\"https:\/\/www.nevadomarbella.com\/wp-content\/uploads\/2025\/01\/marcos-copia.webp\" alt=\"Marcos Garc\u00eda, fot\u00f3grafo\" class=\"wp-image-19665\" style=\"aspect-ratio:3\/4;object-fit:contain\"\/><\/figure>\n<\/div>\n\n\n\n<div class=\"wp-block-column is-vertically-aligned-center jaleo-herobox-content is-layout-flow wp-block-column-is-layout-flow\" style=\"padding-right:0;flex-basis:50%\">\n<div class=\"wp-block-group has-global-padding is-content-justification-right is-layout-constrained wp-container-core-group-is-layout-d74be48a wp-block-group-is-layout-constrained\" style=\"margin-top:0;margin-bottom:0;padding-top:0;padding-right:var(--wp--preset--spacing--30);padding-left:var(--wp--preset--spacing--30)\">\n<h3 class=\"wp-block-heading\" style=\"margin-bottom:var(--wp--preset--spacing--40);font-style:normal;font-weight:400;text-transform:uppercase\">\u00abCada rinc\u00f3n de una propiedad tiene una historia que contar; mi misi\u00f3n es capturarla y narrarla\u00bb<\/h3>\n\n\n\n<p>Marcos Garc\u00eda es un profesional detallista y meticuloso que destaca por su capacidad para capturar la esencia de cada propiedad a trav\u00e9s de sus fotograf\u00edas. Nada escapa a su mirada exigente, asegur\u00e1ndose de que cada encuadre y cada detalle reflejen la personalidad de cada espacio.<\/p>\n\n\n\n<p>En su vida personal, Marcos es un apasionado de la naturaleza, lo que lo inspira en su trabajo y le permite conectar con entornos \u00fanicos. Practica deportes como el submarinismo, el enduro y el paddle surf, actividades que reflejan su esp\u00edritu aventurero y su amor por los espacios abiertos.<\/p>\n<\/div>\n<\/div>\n<\/div>\n<\/section>\n","protected":false},"excerpt":{"rendered":"<p>Marcos Garc\u00eda \u00abCada rinc\u00f3n de una propiedad tiene una historia que contar; mi misi\u00f3n es capturarla y narrarla\u00bb Marcos Garc\u00eda es un profesional detallista y meticuloso que destaca por su capacidad para capturar la esencia de cada propiedad a trav\u00e9s de sus fotograf\u00edas. Nada escapa a su mirada exigente, asegur\u00e1ndose de que cada encuadre y [&hellip;]<\/p>\n","protected":false},"author":3,"featured_media":0,"parent":0,"menu_order":6,"comment_status":"closed","ping_status":"closed","template":"solid-header","meta":{"_acf_changed":false,"footnotes":""},"class_list":["post-19779","page","type-page","status-publish","hentry"],"acf":[],"_links":{"self":[{"href":"https:\/\/www.nevadomarbella.com\/es\/wp-json\/wp\/v2\/pages\/19779","targetHints":{"allow":["GET"]}}],"collection":[{"href":"https:\/\/www.nevadomarbella.com\/es\/wp-json\/wp\/v2\/pages"}],"about":[{"href":"https:\/\/www.nevadomarbella.com\/es\/wp-json\/wp\/v2\/types\/page"}],"author":[{"embeddable":true,"href":"https:\/\/www.nevadomarbella.com\/es\/wp-json\/wp\/v2\/users\/3"}],"replies":[{"embeddable":true,"href":"https:\/\/www.nevadomarbella.com\/es\/wp-json\/wp\/v2\/comments?post=19779"}],"version-history":[{"count":1,"href":"https:\/\/www.nevadomarbella.com\/es\/wp-json\/wp\/v2\/pages\/19779\/revisions"}],"predecessor-version":[{"id":19782,"href":"https:\/\/www.nevadomarbella.com\/es\/wp-json\/wp\/v2\/pages\/19779\/revisions\/19782"}],"wp:attachment":[{"href":"https:\/\/www.nevadomarbella.com\/es\/wp-json\/wp\/v2\/media?parent=19779"}],"curies":[{"name":"wp","href":"https:\/\/api.w.org\/{rel}","templated":true}]}}

Marcos García

<div class="wp-block-group has-global-padding is-layout-constrained wp-block-group-is-layout-constrained" style="margin-top:0">
<h1 class="wp-block-heading has-text-align-left" style="font-style:normal;font-weight:700">Marcos García</h1>
</div>



<section class="wp-block-group alignfull jaleo-herobox-group wide right has-shell-background-color has-background is-layout-flow wp-block-group-is-layout-flow" style="margin-top:var(--wp--preset--spacing--50);margin-bottom:var(--wp--preset--spacing--60);padding-right:var(--wp--preset--spacing--50);padding-left:var(--wp--preset--spacing--50)">
<div class="wp-block-columns alignwide are-vertically-aligned-center jaleo-herobox-columns is-layout-flex wp-container-core-columns-is-layout-2e289adc wp-block-columns-is-layout-flex" style="padding-top:0;padding-right:0;padding-bottom:0;padding-left:0">
<div class="wp-block-column is-vertically-aligned-center jaleo-herobox-column is-layout-flow wp-block-column-is-layout-flow" style="flex-basis:50%">
<figure class="wp-block-image size-full jaleo-herobox-image wp-duotone-unset-1" id="buyers-guide"><img decoding="async" width="750" height="1000" src="https://www.nevadomarbella.com/wp-content/uploads/2025/01/marcos-copia.webp" alt="Marcos García, fotógrafo" class="wp-image-19665" style="aspect-ratio:3/4;object-fit:contain"/></figure>
</div>



<div class="wp-block-column is-vertically-aligned-center jaleo-herobox-content is-layout-flow wp-block-column-is-layout-flow" style="padding-right:0;flex-basis:50%">
<div class="wp-block-group has-global-padding is-content-justification-right is-layout-constrained wp-container-core-group-is-layout-d74be48a wp-block-group-is-layout-constrained" style="margin-top:0;margin-bottom:0;padding-top:0;padding-right:var(--wp--preset--spacing--30);padding-left:var(--wp--preset--spacing--30)">
<h3 class="wp-block-heading" style="margin-bottom:var(--wp--preset--spacing--40);font-style:normal;font-weight:400;text-transform:uppercase">«Cada rincón de una propiedad tiene una historia que contar; mi misión es capturarla y narrarla»</h3>



<p>Marcos García es un profesional detallista y meticuloso que destaca por su capacidad para capturar la esencia de cada propiedad a través de sus fotografías. Nada escapa a su mirada exigente, asegurándose de que cada encuadre y cada detalle reflejen la personalidad de cada espacio.</p>



<p>En su vida personal, Marcos es un apasionado de la naturaleza, lo que lo inspira en su trabajo y le permite conectar con entornos únicos. Practica deportes como el submarinismo, el enduro y el paddle surf, actividades que reflejan su espíritu aventurero y su amor por los espacios abiertos.</p>
</div>
</div>
</div>
</section>

<p>Marcos García «Cada rincón de una propiedad tiene una historia que contar; mi misión es capturarla y narrarla» Marcos García es un profesional detallista y meticuloso que destaca por su capacidad para capturar la esencia de cada propiedad a través de sus fotografías. Nada escapa a su mirada exigente, asegurándose de que cada encuadre y [&hellip;]</p>
