{"id":19754,"date":"2024-09-11T12:15:19","date_gmt":"2025-01-28T12:38:45","guid":{"rendered":"https:\/\/www.nevadomarbella.com\/?page_id=19754"},"modified":"2025-02-10T12:40:04","modified_gmt":"2025-02-10T11:40:04","slug":"marina-artero-agente-captacion-nevado-realty","status":"publish","type":"page","link":"https:\/\/www.nevadomarbella.com\/es\/marina-artero-agente-captacion-nevado-realty","title":{"rendered":"Marina Artero"},"content":{"rendered":"\n<div class=\"wp-block-group has-global-padding is-layout-constrained wp-block-group-is-layout-constrained\" style=\"margin-top:0\">\n<h1 class=\"wp-block-heading has-text-align-left\" style=\"font-style:normal;font-weight:700\">Marina artero<\/h1>\n<\/div>\n\n\n\n<section class=\"wp-block-group alignfull jaleo-herobox-group wide right has-shell-background-color has-background is-layout-flow wp-block-group-is-layout-flow\" style=\"margin-top:var(--wp--preset--spacing--50);margin-bottom:var(--wp--preset--spacing--60);padding-right:var(--wp--preset--spacing--50);padding-left:var(--wp--preset--spacing--50)\">\n<div class=\"wp-block-columns alignwide are-vertically-aligned-center jaleo-herobox-columns is-layout-flex wp-container-core-columns-is-layout-2e289adc wp-block-columns-is-layout-flex\" style=\"padding-top:0;padding-right:0;padding-bottom:0;padding-left:0\">\n<div class=\"wp-block-column is-vertically-aligned-center jaleo-herobox-column is-layout-flow wp-block-column-is-layout-flow\" style=\"flex-basis:50%\">\n<figure class=\"wp-block-image size-full jaleo-herobox-image wp-duotone-unset-1\" id=\"buyers-guide\"><img decoding=\"async\" width=\"750\" height=\"1000\" src=\"https:\/\/www.nevadomarbella.com\/wp-content\/uploads\/2025\/01\/marina-copia.webp\" alt=\"Marina Artero, agente de captaci\u00f3n\" class=\"wp-image-19673\" style=\"aspect-ratio:3\/4;object-fit:contain\"\/><\/figure>\n<\/div>\n\n\n\n<div class=\"wp-block-column is-vertically-aligned-center jaleo-herobox-content is-layout-flow wp-block-column-is-layout-flow\" style=\"padding-right:0;flex-basis:50%\">\n<div class=\"wp-block-group has-global-padding is-content-justification-right is-layout-constrained wp-container-core-group-is-layout-d74be48a wp-block-group-is-layout-constrained\" style=\"margin-top:0;margin-bottom:0;padding-top:0;padding-right:var(--wp--preset--spacing--30);padding-left:var(--wp--preset--spacing--30)\">\n<h2 class=\"wp-block-heading\" style=\"margin-bottom:var(--wp--preset--spacing--40);font-style:normal;font-weight:400;text-transform:uppercase\">\u00abEl crecimiento no es lineal y nunca termina\u00bb<\/h2>\n\n\n\n<p>Marina es abogada de profesi\u00f3n, pero su pasi\u00f3n por la arquitectura y el dise\u00f1o de interiores la llev\u00f3 a adentrarse en el sector inmobiliario, donde combina su conocimiento legal con su sensibilidad est\u00e9tica para ofrecer un servicio excepcional.<\/p>\n\n\n\n<p><br>Originaria de Cartagena, Marina tambi\u00e9n lleva a Marbella en su coraz\u00f3n, habiendo hecho de esta vibrante ciudad su hogar y el centro de su carrera profesional, ya que uno de sus lemas es \u00bbalcanzar tus metas no depende del lugar donde est\u00e9s\u00bb. <\/p>\n\n\n\n<p>Su capacidad para conectar con personas de diferentes culturas se refleja en su dominio del ingl\u00e9s y el espa\u00f1ol, as\u00ed como en su compromiso por perfeccionar su franc\u00e9s, demostrando una constante b\u00fasqueda de crecimiento profesional y personal.<\/p>\n<\/div>\n<\/div>\n<\/div>\n<\/section>\n","protected":false},"excerpt":{"rendered":"<p>Marina artero \u00abEl crecimiento no es lineal y nunca termina\u00bb Marina es abogada de profesi\u00f3n, pero su pasi\u00f3n por la arquitectura y el dise\u00f1o de interiores la llev\u00f3 a adentrarse en el sector inmobiliario, donde combina su conocimiento legal con su sensibilidad est\u00e9tica para ofrecer un servicio excepcional. Originaria de Cartagena, Marina tambi\u00e9n lleva a [&hellip;]<\/p>\n","protected":false},"author":3,"featured_media":0,"parent":0,"menu_order":6,"comment_status":"closed","ping_status":"closed","template":"solid-header","meta":{"_acf_changed":false,"footnotes":""},"class_list":["post-19754","page","type-page","status-publish","hentry"],"acf":[],"_links":{"self":[{"href":"https:\/\/www.nevadomarbella.com\/es\/wp-json\/wp\/v2\/pages\/19754","targetHints":{"allow":["GET"]}}],"collection":[{"href":"https:\/\/www.nevadomarbella.com\/es\/wp-json\/wp\/v2\/pages"}],"about":[{"href":"https:\/\/www.nevadomarbella.com\/es\/wp-json\/wp\/v2\/types\/page"}],"author":[{"embeddable":true,"href":"https:\/\/www.nevadomarbella.com\/es\/wp-json\/wp\/v2\/users\/3"}],"replies":[{"embeddable":true,"href":"https:\/\/www.nevadomarbella.com\/es\/wp-json\/wp\/v2\/comments?post=19754"}],"version-history":[{"count":1,"href":"https:\/\/www.nevadomarbella.com\/es\/wp-json\/wp\/v2\/pages\/19754\/revisions"}],"predecessor-version":[{"id":19927,"href":"https:\/\/www.nevadomarbella.com\/es\/wp-json\/wp\/v2\/pages\/19754\/revisions\/19927"}],"wp:attachment":[{"href":"https:\/\/www.nevadomarbella.com\/es\/wp-json\/wp\/v2\/media?parent=19754"}],"curies":[{"name":"wp","href":"https:\/\/api.w.org\/{rel}","templated":true}]}}

<div class="wp-block-group has-global-padding is-layout-constrained wp-block-group-is-layout-constrained" style="margin-top:0">
<h1 class="wp-block-heading has-text-align-left" style="font-style:normal;font-weight:700">Marina artero</h1>
</div>



<section class="wp-block-group alignfull jaleo-herobox-group wide right has-shell-background-color has-background is-layout-flow wp-block-group-is-layout-flow" style="margin-top:var(--wp--preset--spacing--50);margin-bottom:var(--wp--preset--spacing--60);padding-right:var(--wp--preset--spacing--50);padding-left:var(--wp--preset--spacing--50)">
<div class="wp-block-columns alignwide are-vertically-aligned-center jaleo-herobox-columns is-layout-flex wp-container-core-columns-is-layout-2e289adc wp-block-columns-is-layout-flex" style="padding-top:0;padding-right:0;padding-bottom:0;padding-left:0">
<div class="wp-block-column is-vertically-aligned-center jaleo-herobox-column is-layout-flow wp-block-column-is-layout-flow" style="flex-basis:50%">
<figure class="wp-block-image size-full jaleo-herobox-image wp-duotone-unset-1" id="buyers-guide"><img decoding="async" width="750" height="1000" src="https://www.nevadomarbella.com/wp-content/uploads/2025/01/marina-copia.webp" alt="Marina Artero, agente de captación" class="wp-image-19673" style="aspect-ratio:3/4;object-fit:contain"/></figure>
</div>



<div class="wp-block-column is-vertically-aligned-center jaleo-herobox-content is-layout-flow wp-block-column-is-layout-flow" style="padding-right:0;flex-basis:50%">
<div class="wp-block-group has-global-padding is-content-justification-right is-layout-constrained wp-container-core-group-is-layout-d74be48a wp-block-group-is-layout-constrained" style="margin-top:0;margin-bottom:0;padding-top:0;padding-right:var(--wp--preset--spacing--30);padding-left:var(--wp--preset--spacing--30)">
<h2 class="wp-block-heading" style="margin-bottom:var(--wp--preset--spacing--40);font-style:normal;font-weight:400;text-transform:uppercase">«El crecimiento no es lineal y nunca termina»</h2>



<p>Marina es abogada de profesión, pero su pasión por la arquitectura y el diseño de interiores la llevó a adentrarse en el sector inmobiliario, donde combina su conocimiento legal con su sensibilidad estética para ofrecer un servicio excepcional.</p>



<p><br>Originaria de Cartagena, Marina también lleva a Marbella en su corazón, habiendo hecho de esta vibrante ciudad su hogar y el centro de su carrera profesional, ya que uno de sus lemas es »alcanzar tus metas no depende del lugar donde estés». </p>



<p>Su capacidad para conectar con personas de diferentes culturas se refleja en su dominio del inglés y el español, así como en su compromiso por perfeccionar su francés, demostrando una constante búsqueda de crecimiento profesional y personal.</p>
</div>
</div>
</div>
</section>

<p>Marina artero «El crecimiento no es lineal y nunca termina» Marina es abogada de profesión, pero su pasión por la arquitectura y el diseño de interiores la llevó a adentrarse en el sector inmobiliario, donde combina su conocimiento legal con su sensibilidad estética para ofrecer un servicio excepcional. Originaria de Cartagena, Marina también lleva a [&hellip;]</p>
