{"id":19749,"date":"2025-01-28T10:35:33","date_gmt":"2025-01-28T09:35:33","guid":{"rendered":"https:\/\/www.nevadomarbella.com\/?page_id=19749"},"modified":"2025-02-10T12:33:36","modified_gmt":"2025-02-10T11:33:36","slug":"elisa-rodriguez-agente-ventas-nevado-realty","status":"publish","type":"page","link":"https:\/\/www.nevadomarbella.com\/es\/elisa-rodriguez-agente-ventas-nevado-realty","title":{"rendered":"Elisa Rodr\u00edguez"},"content":{"rendered":"\n<div class=\"wp-block-group has-global-padding is-layout-constrained wp-block-group-is-layout-constrained\" style=\"margin-top:0\">\n<h1 class=\"wp-block-heading has-text-align-left\" style=\"font-style:normal;font-weight:700\">Elisa Rodr\u00edguez<\/h1>\n<\/div>\n\n\n\n<section class=\"wp-block-group alignfull jaleo-herobox-group wide right has-shell-background-color has-background is-layout-flow wp-block-group-is-layout-flow\" style=\"margin-top:var(--wp--preset--spacing--50);margin-bottom:var(--wp--preset--spacing--60);padding-right:var(--wp--preset--spacing--50);padding-left:var(--wp--preset--spacing--50)\">\n<div class=\"wp-block-columns alignwide are-vertically-aligned-center jaleo-herobox-columns is-layout-flex wp-container-core-columns-is-layout-2e289adc wp-block-columns-is-layout-flex\" style=\"padding-top:0;padding-right:0;padding-bottom:0;padding-left:0\">\n<div class=\"wp-block-column is-vertically-aligned-center jaleo-herobox-column is-layout-flow wp-block-column-is-layout-flow\" style=\"flex-basis:50%\">\n<figure class=\"wp-block-image size-full jaleo-herobox-image wp-duotone-unset-1\" id=\"buyers-guide\"><img decoding=\"async\" width=\"750\" height=\"1000\" src=\"https:\/\/www.nevadomarbella.com\/wp-content\/uploads\/2025\/01\/eli-copia.webp\" alt=\"Elisa Rodr\u00edguez, agente de ventas y alquiler en Nevado Realty\" class=\"wp-image-19645\" style=\"aspect-ratio:3\/4;object-fit:contain\"\/><\/figure>\n<\/div>\n\n\n\n<div class=\"wp-block-column is-vertically-aligned-center jaleo-herobox-content is-layout-flow wp-block-column-is-layout-flow\" style=\"padding-right:0;flex-basis:50%\">\n<div class=\"wp-block-group has-global-padding is-content-justification-right is-layout-constrained wp-container-core-group-is-layout-d74be48a wp-block-group-is-layout-constrained\" style=\"margin-top:0;margin-bottom:0;padding-top:0;padding-right:var(--wp--preset--spacing--30);padding-left:var(--wp--preset--spacing--30)\">\n<h2 class=\"wp-block-heading\" style=\"margin-bottom:var(--wp--preset--spacing--40);font-style:normal;font-weight:400;text-transform:uppercase\">\u00abMe gusta aprender y mejorar cada d\u00eda\u00bb<\/h2>\n\n\n\n<p>Especializada en la venta y alquiler de propiedades en la Costa del Sol durante m\u00e1s de 10 a\u00f1os. Comprometida, responsable y orientada a facilitar que los procesos de venta o alquiler sean eficientes. Habla ingl\u00e9s y espa\u00f1ol.<\/p>\n\n\n\n<p>\u00abSoy una persona sociable, emprendedora y proactiva. Me considero una embajadora de Marbella, conocida internacionalmente por su clima, sus prestigiosas marcas de hoteles de lujo y el car\u00e1cter abierto de su gente\u00bb.<\/p>\n\n\n\n<p>\u00abEn mi tiempo libre me encanta aprender cosas nuevas para mantenerme actualizada, especialmente conocimientos en marketing online y estrategias de ventas\u00bb.<\/p>\n<\/div>\n<\/div>\n<\/div>\n<\/section>\n","protected":false},"excerpt":{"rendered":"<p>Elisa Rodr\u00edguez \u00abMe gusta aprender y mejorar cada d\u00eda\u00bb Especializada en la venta y alquiler de propiedades en la Costa del Sol durante m\u00e1s de 10 a\u00f1os. Comprometida, responsable y orientada a facilitar que los procesos de venta o alquiler sean eficientes. Habla ingl\u00e9s y espa\u00f1ol. \u00abSoy una persona sociable, emprendedora y proactiva. Me considero [&hellip;]<\/p>\n","protected":false},"author":3,"featured_media":0,"parent":0,"menu_order":6,"comment_status":"closed","ping_status":"closed","template":"solid-header","meta":{"_acf_changed":false,"footnotes":""},"class_list":["post-19749","page","type-page","status-publish","hentry"],"acf":[],"_links":{"self":[{"href":"https:\/\/www.nevadomarbella.com\/es\/wp-json\/wp\/v2\/pages\/19749","targetHints":{"allow":["GET"]}}],"collection":[{"href":"https:\/\/www.nevadomarbella.com\/es\/wp-json\/wp\/v2\/pages"}],"about":[{"href":"https:\/\/www.nevadomarbella.com\/es\/wp-json\/wp\/v2\/types\/page"}],"author":[{"embeddable":true,"href":"https:\/\/www.nevadomarbella.com\/es\/wp-json\/wp\/v2\/users\/3"}],"replies":[{"embeddable":true,"href":"https:\/\/www.nevadomarbella.com\/es\/wp-json\/wp\/v2\/comments?post=19749"}],"version-history":[{"count":1,"href":"https:\/\/www.nevadomarbella.com\/es\/wp-json\/wp\/v2\/pages\/19749\/revisions"}],"predecessor-version":[{"id":19917,"href":"https:\/\/www.nevadomarbella.com\/es\/wp-json\/wp\/v2\/pages\/19749\/revisions\/19917"}],"wp:attachment":[{"href":"https:\/\/www.nevadomarbella.com\/es\/wp-json\/wp\/v2\/media?parent=19749"}],"curies":[{"name":"wp","href":"https:\/\/api.w.org\/{rel}","templated":true}]}}

Elisa Rodríguez

<div class="wp-block-group has-global-padding is-layout-constrained wp-block-group-is-layout-constrained" style="margin-top:0">
<h1 class="wp-block-heading has-text-align-left" style="font-style:normal;font-weight:700">Elisa Rodríguez</h1>
</div>



<section class="wp-block-group alignfull jaleo-herobox-group wide right has-shell-background-color has-background is-layout-flow wp-block-group-is-layout-flow" style="margin-top:var(--wp--preset--spacing--50);margin-bottom:var(--wp--preset--spacing--60);padding-right:var(--wp--preset--spacing--50);padding-left:var(--wp--preset--spacing--50)">
<div class="wp-block-columns alignwide are-vertically-aligned-center jaleo-herobox-columns is-layout-flex wp-container-core-columns-is-layout-2e289adc wp-block-columns-is-layout-flex" style="padding-top:0;padding-right:0;padding-bottom:0;padding-left:0">
<div class="wp-block-column is-vertically-aligned-center jaleo-herobox-column is-layout-flow wp-block-column-is-layout-flow" style="flex-basis:50%">
<figure class="wp-block-image size-full jaleo-herobox-image wp-duotone-unset-1" id="buyers-guide"><img decoding="async" width="750" height="1000" src="https://www.nevadomarbella.com/wp-content/uploads/2025/01/eli-copia.webp" alt="Elisa Rodríguez, agente de ventas y alquiler en Nevado Realty" class="wp-image-19645" style="aspect-ratio:3/4;object-fit:contain"/></figure>
</div>



<div class="wp-block-column is-vertically-aligned-center jaleo-herobox-content is-layout-flow wp-block-column-is-layout-flow" style="padding-right:0;flex-basis:50%">
<div class="wp-block-group has-global-padding is-content-justification-right is-layout-constrained wp-container-core-group-is-layout-d74be48a wp-block-group-is-layout-constrained" style="margin-top:0;margin-bottom:0;padding-top:0;padding-right:var(--wp--preset--spacing--30);padding-left:var(--wp--preset--spacing--30)">
<h2 class="wp-block-heading" style="margin-bottom:var(--wp--preset--spacing--40);font-style:normal;font-weight:400;text-transform:uppercase">«Me gusta aprender y mejorar cada día»</h2>



<p>Especializada en la venta y alquiler de propiedades en la Costa del Sol durante más de 10 años. Comprometida, responsable y orientada a facilitar que los procesos de venta o alquiler sean eficientes. Habla inglés y español.</p>



<p>«Soy una persona sociable, emprendedora y proactiva. Me considero una embajadora de Marbella, conocida internacionalmente por su clima, sus prestigiosas marcas de hoteles de lujo y el carácter abierto de su gente».</p>



<p>«En mi tiempo libre me encanta aprender cosas nuevas para mantenerme actualizada, especialmente conocimientos en marketing online y estrategias de ventas».</p>
</div>
</div>
</div>
</section>

<p>Elisa Rodríguez «Me gusta aprender y mejorar cada día» Especializada en la venta y alquiler de propiedades en la Costa del Sol durante más de 10 años. Comprometida, responsable y orientada a facilitar que los procesos de venta o alquiler sean eficientes. Habla inglés y español. «Soy una persona sociable, emprendedora y proactiva. Me considero [&hellip;]</p>
