{"id":19732,"date":"2025-01-24T16:50:02","date_gmt":"2025-01-24T15:50:02","guid":{"rendered":"https:\/\/www.nevadomarbella.com\/?page_id=19732"},"modified":"2025-01-24T17:08:54","modified_gmt":"2025-01-24T16:08:54","slug":"yolanda-garaicoechea-agente-ventas-nevado-realty","status":"publish","type":"page","link":"https:\/\/www.nevadomarbella.com\/es\/yolanda-garaicoechea-agente-ventas-nevado-realty","title":{"rendered":"Yolanda Garaicoechea"},"content":{"rendered":"\n<div class=\"wp-block-group has-global-padding is-layout-constrained wp-block-group-is-layout-constrained\" style=\"margin-top:0\">\n<h1 class=\"wp-block-heading has-text-align-left\" style=\"font-style:normal;font-weight:700\">Yolanda Garaicoechea<\/h1>\n<\/div>\n\n\n\n<section class=\"wp-block-group alignfull jaleo-herobox-group wide right has-shell-background-color has-background is-layout-flow wp-block-group-is-layout-flow\" style=\"margin-top:var(--wp--preset--spacing--50);margin-bottom:var(--wp--preset--spacing--60);padding-right:var(--wp--preset--spacing--50);padding-left:var(--wp--preset--spacing--50)\">\n<div class=\"wp-block-columns alignwide are-vertically-aligned-center jaleo-herobox-columns is-layout-flex wp-container-core-columns-is-layout-2e289adc wp-block-columns-is-layout-flex\" style=\"padding-top:0;padding-right:0;padding-bottom:0;padding-left:0\">\n<div class=\"wp-block-column is-vertically-aligned-center jaleo-herobox-column is-layout-flow wp-block-column-is-layout-flow\" style=\"flex-basis:50%\">\n<figure class=\"wp-block-image size-full jaleo-herobox-image wp-duotone-unset-1\" id=\"buyers-guide\"><img decoding=\"async\" width=\"750\" height=\"1000\" src=\"https:\/\/www.nevadomarbella.com\/wp-content\/uploads\/2025\/01\/yolanda-copia.webp\" alt=\"\" class=\"wp-image-19681\" style=\"aspect-ratio:3\/4;object-fit:contain\"\/><\/figure>\n<\/div>\n\n\n\n<div class=\"wp-block-column is-vertically-aligned-center jaleo-herobox-content is-layout-flow wp-block-column-is-layout-flow\" style=\"padding-right:0;flex-basis:50%\">\n<div class=\"wp-block-group has-global-padding is-content-justification-right is-layout-constrained wp-container-core-group-is-layout-d74be48a wp-block-group-is-layout-constrained\" style=\"margin-top:0;margin-bottom:0;padding-top:0;padding-right:var(--wp--preset--spacing--30);padding-left:var(--wp--preset--spacing--30)\">\n<h2 class=\"wp-block-heading\" style=\"margin-bottom:var(--wp--preset--spacing--40);font-style:normal;font-weight:400;text-transform:uppercase\">\u00ab25 a\u00f1os enamorada de marbella\u00bb<\/h2>\n\n\n\n<p>Con amplia experiencia en la Costa del Sol, lleg\u00f3 a Nevado Realty en 2011, donde lleva 14 a\u00f1os trabajando sin descanso. Su simpat\u00eda y buen hacer dejan huella en todos sus clientes, que siempre se acuedan de ella cuando vuelven a Marbella. Habla espa\u00f1ol, ingl\u00e9s y franc\u00e9s.<\/p>\n\n\n\n<p>Apasionada de los viajes, aprovecha cualquier oportunidad para explorar nuevos rincones de la geograf\u00eda espa\u00f1ola o conocer nuevas culturas en otros pa\u00edses.<\/p>\n\n\n\n<p>\u00abNac\u00ed en San Sebasti\u00e1n, donde complet\u00e9 mis estudios en <em>T\u00e9cnicas de Marketing<\/em>. Llegu\u00e9 a la Costa del Sol hace treinta y cinco a\u00f1os. Desde el a\u00f1o 2000 desarrollo mi carrera profesional en el sector inmobiliario en Marbella, donde espero seguir viviendo y trabajando durante muchos a\u00f1os.\u00bb<\/p>\n<\/div>\n<\/div>\n<\/div>\n<\/section>\n","protected":false},"excerpt":{"rendered":"<p>Yolanda Garaicoechea \u00ab25 a\u00f1os enamorada de marbella\u00bb Con amplia experiencia en la Costa del Sol, lleg\u00f3 a Nevado Realty en 2011, donde lleva 14 a\u00f1os trabajando sin descanso. Su simpat\u00eda y buen hacer dejan huella en todos sus clientes, que siempre se acuedan de ella cuando vuelven a Marbella. Habla espa\u00f1ol, ingl\u00e9s y franc\u00e9s. Apasionada [&hellip;]<\/p>\n","protected":false},"author":3,"featured_media":0,"parent":0,"menu_order":6,"comment_status":"closed","ping_status":"closed","template":"solid-header","meta":{"_acf_changed":false,"footnotes":""},"class_list":["post-19732","page","type-page","status-publish","hentry"],"acf":[],"_links":{"self":[{"href":"https:\/\/www.nevadomarbella.com\/es\/wp-json\/wp\/v2\/pages\/19732","targetHints":{"allow":["GET"]}}],"collection":[{"href":"https:\/\/www.nevadomarbella.com\/es\/wp-json\/wp\/v2\/pages"}],"about":[{"href":"https:\/\/www.nevadomarbella.com\/es\/wp-json\/wp\/v2\/types\/page"}],"author":[{"embeddable":true,"href":"https:\/\/www.nevadomarbella.com\/es\/wp-json\/wp\/v2\/users\/3"}],"replies":[{"embeddable":true,"href":"https:\/\/www.nevadomarbella.com\/es\/wp-json\/wp\/v2\/comments?post=19732"}],"version-history":[{"count":1,"href":"https:\/\/www.nevadomarbella.com\/es\/wp-json\/wp\/v2\/pages\/19732\/revisions"}],"predecessor-version":[{"id":19825,"href":"https:\/\/www.nevadomarbella.com\/es\/wp-json\/wp\/v2\/pages\/19732\/revisions\/19825"}],"wp:attachment":[{"href":"https:\/\/www.nevadomarbella.com\/es\/wp-json\/wp\/v2\/media?parent=19732"}],"curies":[{"name":"wp","href":"https:\/\/api.w.org\/{rel}","templated":true}]}}

<div class="wp-block-group has-global-padding is-layout-constrained wp-block-group-is-layout-constrained" style="margin-top:0">
<h1 class="wp-block-heading has-text-align-left" style="font-style:normal;font-weight:700">Yolanda Garaicoechea</h1>
</div>



<section class="wp-block-group alignfull jaleo-herobox-group wide right has-shell-background-color has-background is-layout-flow wp-block-group-is-layout-flow" style="margin-top:var(--wp--preset--spacing--50);margin-bottom:var(--wp--preset--spacing--60);padding-right:var(--wp--preset--spacing--50);padding-left:var(--wp--preset--spacing--50)">
<div class="wp-block-columns alignwide are-vertically-aligned-center jaleo-herobox-columns is-layout-flex wp-container-core-columns-is-layout-2e289adc wp-block-columns-is-layout-flex" style="padding-top:0;padding-right:0;padding-bottom:0;padding-left:0">
<div class="wp-block-column is-vertically-aligned-center jaleo-herobox-column is-layout-flow wp-block-column-is-layout-flow" style="flex-basis:50%">
<figure class="wp-block-image size-full jaleo-herobox-image wp-duotone-unset-1" id="buyers-guide"><img decoding="async" width="750" height="1000" src="https://www.nevadomarbella.com/wp-content/uploads/2025/01/yolanda-copia.webp" alt="" class="wp-image-19681" style="aspect-ratio:3/4;object-fit:contain"/></figure>
</div>



<div class="wp-block-column is-vertically-aligned-center jaleo-herobox-content is-layout-flow wp-block-column-is-layout-flow" style="padding-right:0;flex-basis:50%">
<div class="wp-block-group has-global-padding is-content-justification-right is-layout-constrained wp-container-core-group-is-layout-d74be48a wp-block-group-is-layout-constrained" style="margin-top:0;margin-bottom:0;padding-top:0;padding-right:var(--wp--preset--spacing--30);padding-left:var(--wp--preset--spacing--30)">
<h2 class="wp-block-heading" style="margin-bottom:var(--wp--preset--spacing--40);font-style:normal;font-weight:400;text-transform:uppercase">«25 años enamorada de marbella»</h2>



<p>Con amplia experiencia en la Costa del Sol, llegó a Nevado Realty en 2011, donde lleva 14 años trabajando sin descanso. Su simpatía y buen hacer dejan huella en todos sus clientes, que siempre se acuedan de ella cuando vuelven a Marbella. Habla español, inglés y francés.</p>



<p>Apasionada de los viajes, aprovecha cualquier oportunidad para explorar nuevos rincones de la geografía española o conocer nuevas culturas en otros países.</p>



<p>«Nací en San Sebastián, donde completé mis estudios en <em>Técnicas de Marketing</em>. Llegué a la Costa del Sol hace treinta y cinco años. Desde el año 2000 desarrollo mi carrera profesional en el sector inmobiliario en Marbella, donde espero seguir viviendo y trabajando durante muchos años.»</p>
</div>
</div>
</div>
</section>

<p>Yolanda Garaicoechea «25 años enamorada de marbella» Con amplia experiencia en la Costa del Sol, llegó a Nevado Realty en 2011, donde lleva 14 años trabajando sin descanso. Su simpatía y buen hacer dejan huella en todos sus clientes, que siempre se acuedan de ella cuando vuelven a Marbella. Habla español, inglés y francés. Apasionada [&hellip;]</p>
